000
CXUS53 KDTX 041637 RRB
CLMMBS

CLIMATE REPORT
NATIONAL WEATHER SERVICE DETROIT/PONTIAC MI
1236 PM EDT SAT APR 04 2020

...................................

...THE TRI CITIES MI CLIMATE SUMMARY FOR THE MONTH OF MARCH 2020...

CLIMATE NORMAL PERIOD 1981 TO 2010
CLIMATE RECORD PERIOD 1898 TO 2020

WEATHER         OBSERVED          NORMAL  DEPART   LAST YEAR`S
                VALUE   DATE(S)   VALUE   FROM     VALUE
                                          NORMAL
..............................................................
TEMPERATURE (F)
HIGHEST           62   03/08         MM      MM
LOWEST            19   03/07         MM      MM
                       03/22
AVG. MAXIMUM    47.3               42.2     5.1
AVG. MINIMUM    30.3               25.3     5.0
MEAN            38.8               33.7     5.1
DAYS MAX >= 90     0                0.0     0.0
DAYS MAX <= 32     1                5.2    -4.2
DAYS MIN <= 32    21               24.3    -3.3
DAYS MIN <= 0      0                0.2    -0.2

PRECIPITATION (INCHES)
TOTALS          2.26               2.06    0.20
DAILY AVG.      0.07               0.07    0.00
DAYS >= .01       13                9.2     3.8
DAYS >= .10        6                4.8     1.2
DAYS >= .50        1                1.0     0.0
DAYS >= 1.00       0                0.4    -0.4
GREATEST
 24 HR. TOTAL   1.14   03/28 TO 03/29
 STORM TOTAL    0.92
 (MM/DD(HH))

SNOWFALL (INCHES)
TOTALS           1.5                6.4    -4.9
 LIQUID EQUIV   0.20               0.60   -0.40
SINCE 7/1       34.3               39.8    -5.5
 LIQUID 7/1     3.43
DAYS >= TRACE      4                4.1    -0.1
DAYS >= 1.0        1                2.3    -1.3
GREATEST
 SNOW DEPTH        2
 24 HR TOTAL      MM
 STORM TOTAL     1.5
 (MM/DD(HH))

DEGREE DAYS
HEATING TOTAL    805                969    -164
 SINCE 7/1      5439               6068    -629
COOLING TOTAL      0                  0       0
 SINCE 1/1         0                  0       0

FREEZE DATES
RECORD
 EARLIEST     MM
 LATEST       MM
EARLIEST                        01/01
LATEST                          05/13
..............................................................

WIND (MPH)
AVERAGE WIND SPEED              10.6
HIGHEST WIND SPEED/DIRECTION    35/220    DATE  03/29
HIGHEST GUST SPEED/DIRECTION    47/220    DATE  03/29

SKY COVER
POSSIBLE SUNSHINE (PERCENT)   MM
AVERAGE SKY COVER           0.53
NUMBER OF DAYS FAIR            8
NUMBER OF DAYS PC             13
NUMBER OF DAYS CLOUDY         10

AVERAGE RH (PERCENT)     58

WEATHER CONDITIONS. NUMBER OF DAYS WITH
THUNDERSTORM              1     MIXED PRECIP               0
HEAVY RAIN                1     RAIN                       4
LIGHT RAIN               12     FREEZING RAIN              0
LT FREEZING RAIN          0     HAIL                       0
HEAVY SNOW                0     SNOW                       0
LIGHT SNOW                4     SLEET                      0
FOG                       3     FOG W/VIS <= 1/4 MILE      0
HAZE                     18

-  INDICATES NEGATIVE NUMBERS.
R  INDICATES RECORD WAS SET OR TIED.
MM INDICATES DATA IS MISSING.
T  INDICATES TRACE AMOUNT.

$$



USA.gov is the U.S. government's official web portal to all federal, state and local government web resources and services.
  • National Weather Service
  • WSO Pago Pago Weather Service Office
  • Pago Pago, AS
  • (684) 699-9130
  • Page Author: PPG Webmaster
  • Incorrect Region Format!
  • Web Master's E-mail:
  • Page last modified: Mar 10th, 2020 21:02 UTC