000
CXUS56 KHNX 031703
CLMMCE


CLIMATE REPORT
NATIONAL WEATHER SERVICE SAN JOAQUIN VALLEY, CA
852 AM PST TUE MAR 3 2020

...................................

...THE MERCED CA AIRPORT CLIMATE SUMMARY FOR THE MONTH OF FEBRUARY 2020...

CLIMATE NORMAL PERIOD 1981 TO 2010
CLIMATE RECORD PERIOD 1998 TO 2020

WEATHER         OBSERVED          NORMAL  DEPART  LAST YEAR`S
                 VALUE   DATE(S)  VALUE   FROM    VALUE  DATE(S)
                                          NORMAL
................................................................
TEMPERATURE (F)
RECORD
 HIGH              80   02/28/2020
 LOW               24   02/24/2018
HIGHEST            80R  02/28        MM      MM       67  02/27
                                                          02/14
LOWEST             28   02/04        MM      MM       28  02/23
                                                          02/19
                                                          02/06
AVG. MAXIMUM     67.7              60.2     7.5     57.1
AVG. MINIMUM     36.6              39.1    -2.5     37.4
MEAN             52.2              49.7     2.5     47.3
DAYS MAX >= 90      0               0.0     0.0        0
DAYS MIN <= 32      6               2.8     3.2        9

PRECIPITATION (INCHES)
RECORD
 MAXIMUM         4.80   2000
TOTALS              T              2.34   -2.34     3.33
DAYS >= .01         0                MM      MM       15
DAYS >= .10         0                MM      MM       10
DAYS >= .50         0                MM      MM        1
DAYS >= 1.00        0                MM      MM        0
GREATEST
 24 HR. TOTAL       T   02/22 TO 02/22

SNOWFALL (INCHES)
RECORDS
 TOTAL            0.0
TOTALS            0.0                MM

DEGREE_DAYS
HEATING TOTAL     363               430     -67      489
 SINCE 7/1       1832              2183    -351     1847
COOLING TOTAL       0                 0       0        0
 SINCE 1/1          0                 0       0        0
.................................................................

WIND (MPH)
AVERAGE WIND SPEED              4.4
HIGHEST WIND SPEED/DIRECTION    33/320    DATE  02/03
HIGHEST GUST SPEED/DIRECTION    38/330    DATE  02/03

AVERAGE RH (PERCENT)     60

WEATHER CONDITIONS. NUMBER OF DAYS WITH
THUNDERSTORM              0     RAIN                       0
HAIL                      0     FOG                       14
FOG W/VIS <= 1/4 MILE     2     HAZE                      14

-  INDICATES NEGATIVE NUMBERS.
R  INDICATES RECORD WAS SET OR TIED.
MM INDICATES DATA IS MISSING.
T  INDICATES TRACE AMOUNT.

$$




USA.gov is the U.S. government's official web portal to all federal, state and local government web resources and services.
  • National Weather Service
  • WSO Pago Pago Weather Service Office
  • Pago Pago, AS
  • (684) 699-9130
  • Page Author: PPG Webmaster
  • Incorrect Region Format!
  • Web Master's E-mail:
  • Page last modified: Mar 10th, 2020 21:02 UTC