000
CXAK59 PAFG 020008
CLMMCG


CLIMATE REPORT
NATIONAL WEATHER SERVICE FAIRBANKS, AK
300 PM AKST SUN MAR 1 2020

...................................

...THE MCGRATH AK CLIMATE SUMMARY FOR THE MONTH OF FEBRUARY 2020...

CLIMATE NORMAL PERIOD 1981 TO 2010
CLIMATE RECORD PERIOD 1946 TO 2020

WEATHER         OBSERVED          NORMAL  DEPART  LAST YEAR`S
                 VALUE   DATE(S)  VALUE   FROM    VALUE  DATE(S)
                                          NORMAL
................................................................
TEMPERATURE (F)
RECORD
 HIGH              55   02/24/1943
 LOW              -64   02/03/1947
HIGHEST            35   02/08        MM      MM       42  02/08
LOWEST            -44   02/01        MM      MM      -26  02/01
AVG. MAXIMUM      8.0              12.4    -4.4     21.5
AVG. MINIMUM    -16.6              -9.5    -7.1      0.9
MEAN             -4.3               1.4    -5.7     11.2
DAYS MAX >= 90      0               0.0     0.0        0
DAYS MAX <= 32     27              24.7     2.3       24
DAYS MIN <= 32     29              27.9     1.1       28
DAYS MIN <= 0      20              18.4     1.6       15

PRECIPITATION (INCHES)
RECORD
 MAXIMUM         3.72   2003
 MINIMUM         0.04   1998
TOTALS           0.03R             0.94   -0.91     2.20
DAILY AVG.       0.00                MM      MM     0.08
DAYS >= .01         2               8.8    -6.8       15
DAYS >= .10         0               2.9    -2.9        9
DAYS >= .50         0               0.3    -0.3        0
DAYS >= 1.00        0               0.0     0.0        0
GREATEST
 24 HR. TOTAL    0.02   02/08 TO 02/08           02/17 TO 02/17

DEGREE_DAYS
HEATING TOTAL    2002              1779     223     1501
 SINCE 7/1      10414             10291     123     8846
COOLING TOTAL       0                 0       0        0
 SINCE 1/1          0                 0       0        0
.................................................................

WIND (MPH)
AVERAGE WIND SPEED              6.6
HIGHEST WIND SPEED/DIRECTION    26/200    DATE  02/09
HIGHEST GUST SPEED/DIRECTION    37/200    DATE  02/08

SKY COVER
AVERAGE SKY COVER           0.60

-  INDICATES NEGATIVE NUMBERS.
R  INDICATES RECORD WAS SET OR TIED.
MM INDICATES DATA IS MISSING.
T  INDICATES TRACE AMOUNT.

$$




USA.gov is the U.S. government's official web portal to all federal, state and local government web resources and services.
  • National Weather Service
  • WSO Pago Pago Weather Service Office
  • Pago Pago, AS
  • (684) 699-9130
  • Page Author: PPG Webmaster
  • Incorrect Region Format!
  • Web Master's E-mail:
  • Page last modified: Mar 10th, 2020 21:02 UTC