000
CXUS53 KEAX 010643
CLMMCI

CLIMATE REPORT
NATIONAL WEATHER SERVICE
139 AM CDT WED APR 01 2020

...................................

...THE KANSAS CITY INTERNATIONAL MO CLIMATE SUMMARY FOR THE MONTH OF MARCH 2020...

CLIMATE NORMAL PERIOD: 1981 TO 2010
CLIMATE RECORD PERIOD: 1888 TO 2020

WEATHER         OBSERVED          NORMAL  DEPART   LAST YEAR`S
                VALUE   DATE(S)   VALUE   FROM     VALUE DATE(S)
                                          NORMAL
................................................................
TEMPERATURE (F)
RECORD
 HIGH             91   03/21/1907
 LOW             -10   03/04/1978
HIGHEST           75   03/19         78      -3       73  03/27
                       03/28
LOWEST            22   03/21         14       8       -2  03/04
AVG. MAXIMUM    58.6               55.1     3.5     49.5
AVG. MINIMUM    38.9               33.4     5.5     30.9
MEAN            48.8               44.2     4.6     40.2
DAYS MAX >= 90     0                0.0     0.0        0
DAYS MAX <= 32     0                1.3    -1.3        4
DAYS MIN <= 32     5               14.6    -9.6       17
DAYS MIN <= 0      0                0.1    -0.1        1

PRECIPITATION (INCHES)
RECORD
 MAXIMUM        9.08   1973
 MINIMUM        0.08   1910
TOTALS          3.91               2.37    1.54     3.29
DAILY AVG.      0.13               0.08    0.05     0.11
DAYS >= .01       12                9.5     2.5       10
DAYS >= .10        7                5.3     1.7        8
DAYS >= .50        3                1.7     1.3        2
DAYS >= 1.00       1                0.3     0.7        0
GREATEST
 24 HR. TOTAL   1.74   03/08 TO 03/09

SNOWFALL (INCHES)
RECORDS
 TOTAL          40.2   1912
TOTALS             T                2.0    -2.0      2.8
SINCE 7/1       17.2               18.2    -1.0       MM
SNOWDEPTH AVG.     0                                   0
DAYS >= 1.0        0                0.6    -0.6        1
GREATEST
 SNOW DEPTH        0                                   3  03/04
 24 HR TOTAL      MM

DEGREE DAYS
HEATING TOTAL    494                646    -152      761
 SINCE 7/1      4340               4692    -352     5108
COOLING TOTAL      0                  3      -3        0
 SINCE 1/1         0                  3      -3        0
................................................................

WIND (MPH)
AVERAGE WIND SPEED              10.8
HIGHEST WIND SPEED/DIRECTION    37/190    DATE  03/08
                                37/230          03/28
HIGHEST GUST SPEED/DIRECTION    52/240    DATE  03/28

SKY COVER
POSSIBLE SUNSHINE (PERCENT)   MM
AVERAGE SKY COVER           0.62
NUMBER OF DAYS FAIR            7
NUMBER OF DAYS PC             11
NUMBER OF DAYS CLOUDY         13

AVERAGE RH (PERCENT)     66

WEATHER CONDITIONS. NUMBER OF DAYS WITH
THUNDERSTORM              2     MIXED PRECIP               0
HEAVY RAIN                2     RAIN                       7
LIGHT RAIN               12     FREEZING RAIN              0
LT FREEZING RAIN          0     HAIL                       0
HEAVY SNOW                0     SNOW                       0
LIGHT SNOW                1     SLEET                      0
FOG                      17     FOG W/VIS <= 1/4 MILE      3
HAZE                      4

-  INDICATES NEGATIVE NUMBERS.
R  INDICATES RECORD WAS SET OR TIED.
MM INDICATES DATA IS MISSING.
T  INDICATES TRACE AMOUNT.

$$



USA.gov is the U.S. government's official web portal to all federal, state and local government web resources and services.
  • National Weather Service
  • WSO Pago Pago Weather Service Office
  • Pago Pago, AS
  • (684) 699-9130
  • Page Author: PPG Webmaster
  • Incorrect Region Format!
  • Web Master's E-mail:
  • Page last modified: Mar 10th, 2020 21:02 UTC