000
CXUS53 KGLD 031636
CLMMCK

CLIMATE REPORT
NATIONAL WEATHER SERVICE GOODLAND
929 AM MST TUE MAR 3 2020

...................................

...THE MCCOOK CLIMATE SUMMARY FOR THE MONTH OF FEBRUARY 2020...

CLIMATE NORMAL PERIOD 1981 TO 2010
CLIMATE RECORD PERIOD 1896 TO 2020

WEATHER         OBSERVED          NORMAL  DEPART  LAST YEAR`S
                 VALUE   DATE(S)  VALUE   FROM    VALUE  DATE(S)
                                          NORMAL
................................................................
TEMPERATURE (F)
RECORD
 HIGH              83   02/23/1933
                        02/19/1930
 LOW              -26   02/08/1933
HIGHEST            77   02/02        70       7       63  02/01
LOWEST             -3   02/20         0      -3       -5  02/08
                                                          02/07
AVG. MAXIMUM     47.1              44.6     2.5     31.2
AVG. MINIMUM     18.3              17.2     1.1     10.8
MEAN             32.7              30.9     1.8     21.0
DAYS MAX >= 90      0               0.0     0.0        0
DAYS MAX <= 32      4               5.7    -1.7       18
DAYS MIN <= 32     28              27.3     0.7       28
DAYS MIN <= 0       1               2.2    -1.2        3

PRECIPITATION (INCHES)
RECORD
 MAXIMUM         2.14   1993
                        1984
 MINIMUM         0.00   2002
TOTALS           0.07              0.62   -0.55     0.71
DAILY AVG.       0.00                MM      MM     0.03
DAYS >= .01         2               3.8    -1.8        5
DAYS >= .10         0               1.8    -1.8        3
DAYS >= .50         0               0.3    -0.3        0
DAYS >= 1.00        0               0.1    -0.1        0
GREATEST
 24 HR. TOTAL    0.04   02/25 TO 02/25              0.22


.................................................................



-  INDICATES NEGATIVE NUMBERS.
R  INDICATES RECORD WAS SET OR TIED.
MM INDICATES DATA IS MISSING.
T  INDICATES TRACE AMOUNT.

$$



USA.gov is the U.S. government's official web portal to all federal, state and local government web resources and services.
  • National Weather Service
  • WSO Pago Pago Weather Service Office
  • Pago Pago, AS
  • (684) 699-9130
  • Page Author: PPG Webmaster
  • Incorrect Region Format!
  • Web Master's E-mail:
  • Page last modified: Mar 10th, 2020 21:02 UTC