000
CXUS52 KFFC 160730
CLMMCN


CLIMATE REPORT
NATIONAL WEATHER SERVICE PEACHTREE CITY GA
330 AM EDT MON MAR 16 2020

...................................

...THE MACON CLIMATE SUMMARY FOR THE SEASON, FROM
12/1/2019 TO 2/29/2020...

CLIMATE NORMAL PERIOD 1981 TO 2010
CLIMATE RECORD PERIOD 1899 TO 2020

WEATHER         OBSERVED          NORMAL  DEPART  LAST YEAR`S
                 VALUE   DATE(S)  VALUE   FROM    VALUE  DATE(S)
                                          NORMAL
................................................................
TEMPERATURE (F)
RECORD
 HIGH              88   01/02/1915
 LOW               -6   01/21/1985
HIGHEST            81   02/11        MM      MM       83  02/22
                        01/03
LOWEST             23   01/22        MM      MM       22  01/31
AVG. MAXIMUM     63.6              59.7     3.9     62.5
AVG. MINIMUM     41.3              36.3     5.0     41.1
MEAN             52.4              48.0     4.4     51.8
DAYS MAX >= 90      0               0.0     0.0        0
DAYS MAX <= 32      0               0.3    -0.3        0
DAYS MIN <= 32     22              33.4   -11.4       25
DAYS MIN <= 0       0               0.0     0.0        0

PRECIPITATION (INCHES)
RECORD
 MAXIMUM        13.78   2019
 MINIMUM        13.78   2019
TOTALS          22.71R            12.64   10.07
DAILY AVG.       0.25              0.14    0.11     0.15
DAYS >= .01        40              27.9    12.1       38
DAYS >= .10        25              18.7     6.3       22
DAYS >= .50        14               8.7     5.3       12
DAYS >= 1.00        8               4.0     4.0        3
GREATEST
 24 HR. TOTAL    3.11   MM                       01/04 TO 01/04
                                                          01/04 TO 01/04EATHER         OBSERVED          NORMAL  DEPART  LAST YEAR`S
                                                          01/04 TO 01/04EATHER         OBSERVED          NORMAL  DEPART  LAST YEAR`S

SNOWFALL (INCHES)
RECORDS
 TOTAL             MM   MM
 24 HR TOTAL       MM
 SNOW DEPTH        MM   MM
TOTALS            0.0               0.5    -0.5      0.0
SINCE 7/1         0.0               0.5    -0.5      0.0
SNOWDEPTH AVG.      0                MM      MM        0
DAYS >= TRACE       0               0.6    -0.6        0
DAYS >= 1.0         0               0.4    -0.4        0
GREATEST
 24 HR TOTAL      0.0   MM                       01/04 TO 01/04
                                                          01/04 TO 01/04EATHER         OBSERVED          NORMAL  DEPART  LAST YEAR`S
                                                          01/04 TO 01/04EATHER         OBSERVED          NORMAL  DEPART  LAST YEAR`S

DEGREE_DAYS
HEATING TOTAL    1161              1531    -370     1193
 SINCE 7/1       1534              1937    -403     1630
COOLING TOTAL      40                 6      34       16
 SINCE 1/1         34                 3      31       13
.................................................................

WIND (MPH)
AVERAGE WIND SPEED              6.9
HIGHEST WIND SPEED/DIRECTION    32/220    DATE  02/06
HIGHEST GUST SPEED/DIRECTION    44/220    DATE  02/06

SKY COVER
POSSIBLE SUNSHINE (PERCENT)   MM
AVERAGE SKY COVER           0.50
NUMBER OF DAYS FAIR           38
NUMBER OF DAYS PC             25
NUMBER OF DAYS CLOUDY         28

AVERAGE RH (PERCENT)     70

WEATHER CONDITIONS. NUMBER OF DAYS WITH
  0
 26
  0
  0
  0
  0
 16
HAZE                      4

-  INDICATES NEGATIVE NUMBERS.
R  INDICATES RECORD WAS SET OR TIED.
MM INDICATES DATA IS MISSING.
T  INDICATES TRACE AMOUNT.

$$


USA.gov is the U.S. government's official web portal to all federal, state and local government web resources and services.
  • National Weather Service
  • WSO Pago Pago Weather Service Office
  • Pago Pago, AS
  • (684) 699-9130
  • Page Author: PPG Webmaster
  • Incorrect Region Format!
  • Web Master's E-mail:
  • Page last modified: Mar 10th, 2020 21:02 UTC