000
CXUS52 KMLB 011730
CLMMCO

CLIMATE REPORT
NATIONAL WEATHER SERVICE MELBOURNE FL
1230 PM EST SUN MAR 01 2020

...................................

...THE ORLANDO INTL CLIMATE SUMMARY FOR THE MONTH OF FEBRUARY 2020...

CLIMATE NORMAL PERIOD 1981 TO 2010
CLIMATE RECORD PERIOD 1892 TO 2020

WEATHER         OBSERVED          NORMAL  DEPART   LAST YEAR`S
                VALUE   DATE(S)   VALUE   FROM     VALUE
                                          NORMAL
..............................................................
TEMPERATURE (F)
MONTHLY RECORD
 WARMEST        71.8   2018
 COLDEST        52.4   1958
DAILY RECORD
 HIGH             90   02/25/1962
                       02/24/1962
                       02/15/1935
 LOW              19   02/07/1895
FEBRUARY 2020
HIGHEST           89   02/13                          88
LOWEST            44   02/03                          46
                       02/28
                       02/29
AVG. MAXIMUM    78.7               73.9     4.8     80.3
AVG. MINIMUM    56.3               52.1     4.2     59.9
MEAN            67.5               63.0     4.5     70.1
DAYS MAX >= 90     0                0.0     0.0        0
DAYS MAX <= 32     0                0.0     0.0        0
DAYS MIN <= 32     0                0.3    -0.3        0
DAYS MIN <= 0      0                0.0     0.0        0

PRECIPITATION (INCHES)
MONTHLY RECORD
 MAXIMUM        8.74   1998
 MINIMUM        0.06   1911
DAILY RECORD
 MAXIMUM        3.55   02/03/1970
FEBRUARY 2020
TOTALS          1.57               2.38   -0.81     1.76
DAYS >= .01        7                6.8     0.2        8
DAYS >= .10        3                4.1    -1.1        5
DAYS >= .50        2                1.6     0.4        2
DAYS >= 1.00       0                0.6    -0.6        0
GREATEST
 24 HR. TOTAL   0.72   02/07 TO 02/07

SNOWFALL (INCHES)
TOTALS           0.0                0.0     0.0      0.0
SINCE 7/1        0.0                0.0     0.0      0.0
DAYS >= TRACE      0                                   0

DEGREE DAYS
HEATING TOTAL     63                115     -52       12
 SINCE 7/1       240                505    -265      356
COOLING TOTAL    144                 59      85      161
 SINCE 1/1       260                104     156      206
..............................................................

WIND (MPH)
AVERAGE WIND SPEED              9.3
HIGHEST WIND SPEED/DIRECTION    36/260    DATE  02/07
HIGHEST GUST SPEED/DIRECTION    43/280    DATE  02/07

SKY COVER
POSSIBLE SUNSHINE (PERCENT)   MM
AVERAGE SKY COVER           0.57
NUMBER OF DAYS FAIR            8
NUMBER OF DAYS PC             13
NUMBER OF DAYS CLOUDY          8

AVERAGE RH (PERCENT)     67

WEATHER CONDITIONS. NUMBER OF DAYS WITH
THUNDERSTORM              2     MIXED PRECIP               0
HEAVY RAIN                2     RAIN                       3
LIGHT RAIN                9     LT FREEZING RAIN           0
HAIL                      0     LIGHT SNOW                 0
SLEET                     0     FOG                       15
FOG W/VIS <= 1/4 MILE     2     HAZE                       3

-  INDICATES NEGATIVE NUMBERS.
R  INDICATES RECORD WAS SET OR TIED.
MM INDICATES DATA IS MISSING.
T  INDICATES TRACE AMOUNT.

$$



USA.gov is the U.S. government's official web portal to all federal, state and local government web resources and services.
  • National Weather Service
  • WSO Pago Pago Weather Service Office
  • Pago Pago, AS
  • (684) 699-9130
  • Page Author: PPG Webmaster
  • Incorrect Region Format!
  • Web Master's E-mail:
  • Page last modified: Mar 10th, 2020 21:02 UTC