000
CXUS53 KLOT 011441
CLMMDW


CLIMATE REPORT
NATIONAL WEATHER SERVICE CHICAGO IL
822 AM CST SUN MAR 1 2020

...................................

...THE CHICAGO-MIDWAY CLIMATE SUMMARY FOR THE MONTH OF FEBRUARY 2020...

CLIMATE NORMAL PERIOD 1981 TO 2010
CLIMATE RECORD PERIOD 1928 TO 2020

WEATHER         OBSERVED          NORMAL  DEPART  LAST YEAR`S
                 VALUE   DATE(S)  VALUE   FROM    VALUE
                                          NORMAL
.............................................................
TEMPERATURE (F)
RECORD
 HIGH              75   02/27/1976
 LOW              -20   02/09/1933
HIGHEST            56   02/23        MM      MM       51
LOWEST                  02/14        MM      MM        2
AVG. MAXIMUM     36.8              35.8     1.0     34.3
AVG. MINIMUM     22.9              21.7     1.2     19.9
MEAN             29.8              28.7     1.1     27.1

PRECIPITATION (INCHES)
RECORD
 MAXIMUM         4.38   2018
 MINIMUM         0.10   2003
TOTALS           0.64              1.94   -1.30     1.81

DEGREE_DAYS
HEATING TOTAL    1011              1015      -4     1053
 SINCE 7/1       4203              4543    -340     4631
COOLING TOTAL       0                 0       0        0
 SINCE 1/1          0                 0       0        0
..............................................................

WIND (MPH)
AVERAGE WIND SPEED              11.2
HIGHEST WIND SPEED/DIRECTION    30/040    DATE  02/04
HIGHEST GUST SPEED/DIRECTION    41/250    DATE  02/02

AVERAGE RH (PERCENT)     66


-  INDICATES NEGATIVE NUMBERS.
R  INDICATES RECORD WAS SET OR TIED.
MM INDICATES DATA IS MISSING.
T  INDICATES TRACE AMOUNT.

$$



USA.gov is the U.S. government's official web portal to all federal, state and local government web resources and services.
  • National Weather Service
  • WSO Pago Pago Weather Service Office
  • Pago Pago, AS
  • (684) 699-9130
  • Page Author: PPG Webmaster
  • Incorrect Region Format!
  • Web Master's E-mail:
  • Page last modified: Mar 10th, 2020 21:02 UTC