000
CXUS51 KCLE 052026
CLMMFD


CLIMATE REPORT
NATIONAL WEATHER SERVICE CLEVELAND OH
300 PM EST THU MAR 5 2020

...................................

...THE MANSFIELD OH CLIMATE SUMMARY FOR THE MONTH OF FEBRUARY 2020...

CLIMATE NORMAL PERIOD 1981 TO 2010
CLIMATE RECORD PERIOD 1916 TO 2020

WEATHER         OBSERVED          NORMAL  DEPART  LAST YEAR`S
                 VALUE   DATE(S)  VALUE   FROM    VALUE
                                          NORMAL
.............................................................
TEMPERATURE (F)
RECORD
 HIGH              74   02/24/2017
 LOW              -11   02/15/2015
                        02/10/1982
                        02/17/1979
HIGHEST            61   02/03
LOWEST              5   02/15
AVG. MAXIMUM     38.8              36.3     2.5     39.5
AVG. MINIMUM     24.2              20.5     3.7     23.1
MEAN             31.5              28.4     3.1     31.3
DAYS MAX >= 90      0               0.0     0.0        0
DAYS MAX <= 32      7              10.5    -3.5       10
DAYS MIN <= 32     25              24.2     0.8       22
DAYS MIN <= 0       0               1.3    -1.3        0

PRECIPITATION (INCHES)
RECORD
 MAXIMUM         6.05   2008
 MINIMUM         0.29   1978
TOTALS           2.73              2.39    0.34     3.67
DAYS >= .01        16              12.9     3.1       14
DAYS >= .10        12               5.9     6.1        8
DAYS >= .50         0               1.3    -1.3        3
DAYS >= 1.00        0               0.2    -0.2        1
GREATEST
 24 HR. TOTAL    0.43   02/12 TO 02/12              1.01

SNOWFALL (INCHES)
RECORDS
 TOTAL           49.2   2010
TOTALS            6.3              11.4    -5.1     10.7
SINCE 7/1        16.1              37.9   -21.8     42.5
DAYS >= 1.0         1               3.6    -2.6        3
GREATEST
 24 HR TOTAL      2.0   02/12 TO 02/12

DEGREE_DAYS
HEATING TOTAL     965              1025     -60      937
 SINCE 7/1       3885              4658    -773     4494
COOLING TOTAL       0                 0       0        0
 SINCE 1/1          0                 0       0        0
..............................................................

WIND (MPH)
AVERAGE WIND SPEED              9.9
HIGHEST WIND SPEED/DIRECTION    35/160    DATE  02/09
HIGHEST GUST SPEED/DIRECTION    44/160    DATE  02/09

SKY COVER
AVERAGE SKY COVER           0.60

AVERAGE RH (PERCENT)     75

WEATHER CONDITIONS. NUMBER OF DAYS WITH
THUNDERSTORM              0     MIXED PRECIP               0
HEAVY RAIN                0     RAIN                       2
LIGHT RAIN                8     FREEZING RAIN              3
LT FREEZING RAIN          5     HAIL                       0
HEAVY SNOW                1     SNOW                       4
LIGHT SNOW               13     SLEET                      0
FOG                      20     FOG W/VIS <= 1/4 MILE      5
HAZE                     11
-  INDICATES NEGATIVE NUMBERS.
R  INDICATES RECORD WAS SET OR TIED.
MM INDICATES DATA IS MISSING.
T  INDICATES TRACE AMOUNT.

$$



USA.gov is the U.S. government's official web portal to all federal, state and local government web resources and services.
  • National Weather Service
  • WSO Pago Pago Weather Service Office
  • Pago Pago, AS
  • (684) 699-9130
  • Page Author: PPG Webmaster
  • Incorrect Region Format!
  • Web Master's E-mail:
  • Page last modified: Mar 10th, 2020 21:02 UTC