000
CXUS56 KMFR 011421
CLMMFR

CLIMATE REPORT
NATIONAL WEATHER SERVICE MEDFORD, OR
1224 AM PDT WED APR 1 2020

...................................

...THE MEDFORD OR CLIMATE SUMMARY FOR THE MONTH OF MARCH 2020...

CLIMATE NORMAL PERIOD 1981 TO 2010
CLIMATE RECORD PERIOD 1911 TO 2020

WEATHER         OBSERVED          NORMAL  DEPART  LAST YEAR`S
                 VALUE   DATE(S)  VALUE   FROM    VALUE  DATE(S)
                                          NORMAL
................................................................
TEMPERATURE (F)
RECORD
 HIGH              86   03/28/1930
                        03/31/1911
                        03/30/1911
 LOW               14   03/01/1960
                        03/01/1917
HIGHEST            70   03/22                         76  03/19
                                                          03/18
LOWEST             28   03/02                         28  03/14
                        03/01
AVG. MAXIMUM     58.8              59.5    -0.7     59.5
AVG. MINIMUM     34.4              37.1    -2.7     35.3
MEAN             46.6              48.3    -1.7     47.4
DAYS MAX >= 90      0               0.0     0.0        0
DAYS MAX <= 32      0               0.0     0.0        0
DAYS MIN <= 32     12               6.2     5.8       10
DAYS MIN <= 0       0               0.0     0.0        0

PRECIPITATION (INCHES)
RECORD
 MAXIMUM         5.54   1957
TOTALS           0.69              1.71   -1.02     0.94
DAILY AVG.       0.02              0.06   -0.04     0.03
DAYS >= .01        11              12.0    -1.0        8
DAYS >= .10         3               5.5    -2.5        5
DAYS >= .50         0               0.4    -0.4        0
DAYS >= 1.00        0               0.0     0.0        0
GREATEST
 24 HR. TOTAL    0.12   03/15 TO 03/15

SNOWFALL (INCHES)
RECORDS
 TOTAL            8.1   1956
TOTALS            0.0               0.5    -0.5      0.0
SINCE 7/1         0.5               4.1    -3.6      6.8

DEGREE_DAYS
HEATING TOTAL     543               518      25      537
 SINCE 7/1       3640              3632       8     3607
COOLING TOTAL       0                 0       0        0
 SINCE 1/1          0                 0       0        0

FREEZE DATES
RECORD
 EARLIEST     09/13/1921
 LATEST       06/12/1952
EARLIEST                        10/18
LATEST                          04/29
.................................................................

WIND (MPH)
AVERAGE WIND SPEED              3.5
HIGHEST WIND SPEED/DIRECTION    25/270    DATE  03/13
HIGHEST GUST SPEED/DIRECTION    34/260    DATE  03/13

SKY COVER
POSSIBLE SUNSHINE (PERCENT)   MM
AVERAGE SKY COVER           0.40
NUMBER OF DAYS FAIR           13
NUMBER OF DAYS PC             10
NUMBER OF DAYS CLOUDY          7

AVERAGE RH (PERCENT)     64

WEATHER CONDITIONS. NUMBER OF DAYS WITH
THUNDERSTORM              0     MIXED PRECIP                0
HEAVY RAIN                0     RAIN                        4
LIGHT RAIN               13     FREEZING RAIN               0
LT FREEZING RAIN          0     HAIL                        0
HEAVY SNOW                0     SNOW                        0
LIGHT SNOW                0     SLEET                       0
FOG                       8     FOG W/VIS <= 1/4 MILE       0
HAZE                      0


-  INDICATES NEGATIVE NUMBERS.
R  INDICATES RECORD WAS SET OR TIED.
MM INDICATES DATA IS MISSING.
T  INDICATES TRACE AMOUNT.
&& MARCH BEGAN ON THE HEALS OF A LOW PRESSURE SYSTEM, RESULTING IN A TRACE OF
RAIN ON THE FIRST DAY OF THE MONTH AS WELL AS THE COLDEST TEMPERATURE OF THE
MONTH. THE NEXT LOW PRESSURE SYSTEM CAME IN A WEEK LATER BRINGING SOME LIGHT
RAIN THAT ALLOWED FOR ONE MORNING OF FOG IN THE VALLEY. THE WEATHER THEN BECAME
MORE FAIR WITH SIGNIFICANT DIURNAL SWINGS THAT SEESAWED BETWEEN MID 60S AND
NEAR-FREEZING.

THE NEXT SYSTEM WAS THE WINDIEST OF THE MONTH, BRINGING TWO DAYS OF MODERATE
WINDS TO THE AREA. IT ALSO BROUGHT AS MUCH RAIN AS THE PREVIOUS ONE TO KMFR,
WITH 0.18". THERE WERE FOUR MORNINGS IN A ROW WITH FOG FROM THE 14TH TO 18TH,
THE FIRST TWO OF WHICH WERE ON DAYS THAT IT RAINED. THIS WAS THE LONGEST STREAK
OF FOG OBSERVED FOR THE MONTH AT THE AIRPORT.

A WARM PERIOD THEN COMMENCED, PEAKING ON THE 22ND, WHEN MEDFORD REACHED 70F FOR
THE FIRST TIME FOR THE CALENDAR YEAR. THE TEMPERATURE THEN FELL SUBSTANTIALLY
THE NEXT DAY DUE TO A COLD FRONT, AND THEN REMAINED LOWER FOR SEVERAL DAYS.
DURING THIS TIME PERIOD SEVERAL FRONTS CAME THROUGH BRINGING THE LONGEST
STRETCH OF UNSETTLED WEATHER DURING THE MONTH. PRECIPITATION AMOUNTS AT MEDFORD
WERE LIGHT, WITH THE GREATEST SINGLE DAY AMOUNT BEING 0.11" ON THE 25TH, BUT
OTHER PORTIONS OF THE AREA RECEIVED MORE SIGNIFICANT PRECIPITATION DURING THE
LATTER PORTION OF THE MONTH. THIS WET PERIOD RESULTED IN A MUCH NEEDED ADDITION
TO THE MOUNTAIN SNOWPACK, BRINGING THE SNOWPACK IN THE ROGUE-UMPQUA BASIN UP TO
77% OF NORMAL BY MONTH`S END.
$$


USA.gov is the U.S. government's official web portal to all federal, state and local government web resources and services.
  • National Weather Service
  • WSO Pago Pago Weather Service Office
  • Pago Pago, AS
  • (684) 699-9130
  • Page Author: PPG Webmaster
  • Incorrect Region Format!
  • Web Master's E-mail:
  • Page last modified: Mar 10th, 2020 21:02 UTC