000
CXUS53 KFSD 011632
CLMMHE

CLIMATE REPORT
NATIONAL WEATHER SERVICE SIOUX FALLS SD
1132 AM CDT WED APR 01 2020

...................................

...THE MITCHELL SD CLIMATE SUMMARY FOR THE MONTH OF MARCH 2020...

CLIMATE NORMAL PERIOD: 1981 TO 2010
CLIMATE RECORD PERIOD: 1893 TO 2020

WEATHER         OBSERVED          NORMAL  DEPART   LAST YEAR`S
                VALUE   DATE(S)   VALUE   FROM     VALUE DATE(S)
                                          NORMAL
................................................................
TEMPERATURE (F)
RECORD
 HIGH             95   03/30/1943
 LOW             -23   03/12/1956
HIGHEST           68   03/08         MM      MM       64  03/27
LOWEST            14   03/20         MM      MM      -18  03/03
AVG. MAXIMUM    48.4               44.6     3.8     37.0
AVG. MINIMUM    29.7               23.6     6.1     19.6
MEAN            39.0               34.1     4.9     28.3
DAYS MAX >= 90     0                0.0     0.0        0
DAYS MAX <= 32     1                5.5    -4.5        9
DAYS MIN <= 32    23               24.1    -1.1       27
DAYS MIN <= 0      0                0.7    -0.7        5

PRECIPITATION (INCHES)
RECORD
 MAXIMUM        7.49   1987
 MINIMUM        0.03   1925
TOTALS          0.91               1.06   -0.15     2.79
DAILY AVG.      0.03               0.03   -0.00     0.09
DAYS >= .01        9                 MM      MM        5
DAYS >= .10        3                 MM      MM        4
DAYS >= .50        0                 MM      MM        1
DAYS >= 1.00       0                 MM      MM        1
GREATEST
 24 HR. TOTAL   0.31   03/28 TO 03/28

SNOWFALL (INCHES)
RECORDS
 TOTAL          27.0  1956
TOTALS           4.8                 MM      MM      8.3
SINCE 7/1       37.7                 MM      MM       MM
SNOWDEPTH AVG.     0                                   8
DAYS >= 1.0        2                 MM      MM        2
GREATEST
 SNOW DEPTH        3   03/02                          17  03/03
                       03/01
                                                          03/02
 24 HR TOTAL     3.4   03/13 TO 03/14

DEGREE DAYS
HEATING TOTAL    798                958    -160     1128
 SINCE 7/1      6256               6480    -224     7135
COOLING TOTAL      0                  0       0        0
 SINCE 1/1         0                  0       0        0
................................................................

WIND (MPH)
AVERAGE WIND SPEED              11.8
HIGHEST WIND SPEED/DIRECTION    41/320    DATE  03/05
HIGHEST GUST SPEED/DIRECTION    55/320    DATE  03/05
                                55/020          03/28

SKY COVER
POSSIBLE SUNSHINE (PERCENT)   MM
AVERAGE SKY COVER           0.51
NUMBER OF DAYS FAIR           12
NUMBER OF DAYS PC             10
NUMBER OF DAYS CLOUDY          9

AVERAGE RH (PERCENT)     71

WEATHER CONDITIONS. NUMBER OF DAYS WITH
THUNDERSTORM              0     MIXED PRECIP               0
HEAVY RAIN                0     RAIN                       2
LIGHT RAIN               12     FREEZING RAIN              0
LT FREEZING RAIN          1     HAIL                       0
HEAVY SNOW                0     SNOW                       0
LIGHT SNOW                4     SLEET                      0
FOG                      16     FOG W/VIS <= 1/4 MILE      2
HAZE                      0

-  INDICATES NEGATIVE NUMBERS.
R  INDICATES RECORD WAS SET OR TIED.
MM INDICATES DATA IS MISSING.
T  INDICATES TRACE AMOUNT.

$$


USA.gov is the U.S. government's official web portal to all federal, state and local government web resources and services.
  • National Weather Service
  • WSO Pago Pago Weather Service Office
  • Pago Pago, AS
  • (684) 699-9130
  • Page Author: PPG Webmaster
  • Incorrect Region Format!
  • Web Master's E-mail:
  • Page last modified: Mar 10th, 2020 21:02 UTC