000
CXUS53 KTOP 011424
CLMMHK


CLIMATE REPORT
NATIONAL WEATHER SERVICE TOPEKA KS
913 AM CDT WED APR 1 2020

...................................

...THE MANHATTAN KS CLIMATE SUMMARY FOR THE MONTH OF MARCH 2020...

CLIMATE NORMAL PERIOD 1981 TO 2010
CLIMATE RECORD PERIOD 9999 TO 9999

WEATHER         OBSERVED          NORMAL  DEPART  LAST YEAR`S
                 VALUE   DATE(S)  VALUE   FROM    VALUE
                                          NORMAL
.............................................................
TEMPERATURE (F)
HIGHEST            78   03/25                         76
                        03/19
LOWEST             19   03/06                         -3
AVG. MAXIMUM     60.1              56.6     3.5     52.0
AVG. MINIMUM     37.0              29.9     7.1     30.3
MEAN             48.6              43.2     5.4     41.2
DAYS MAX >= 90      0               0.0     0.0        0
DAYS MAX <= 32      0               0.7    -0.7        4
DAYS MIN <= 32      6              19.5   -13.5       15
DAYS MIN <= 0       0               0.1    -0.1        2

PRECIPITATION (INCHES)
TOTALS           2.42              2.20    0.22     0.21
DAILY AVG.       0.08                               0.01
DAYS >= .01         9                                  1
DAYS >= .10         7                                  1
DAYS >= .50         2                                  0
DAYS >= 1.00        0                                  0
GREATEST
 24 HR. TOTAL    0.99   03/09 TO 03/09              0.21

DEGREE_DAYS
HEATING TOTAL     499               676    -177      683
 SINCE 7/1       4415              4836    -421     4886
COOLING TOTAL       0                 2      -2        0
 SINCE 1/1          0                 2      -2        0
..............................................................

WIND (MPH)
AVERAGE WIND SPEED              8.1
HIGHEST WIND SPEED/DIRECTION    36/220    DATE  03/28
HIGHEST GUST SPEED/DIRECTION    54/220    DATE  03/28

SKY COVER
POSSIBLE SUNSHINE (PERCENT)   MM
AVERAGE SKY COVER           0.50
NUMBER OF DAYS FAIR           15
NUMBER OF DAYS PC              5
NUMBER OF DAYS CLOUDY         11

AVERAGE RH (PERCENT)     67


-  INDICATES NEGATIVE NUMBERS.
R  INDICATES RECORD WAS SET OR TIED.
MM INDICATES DATA IS MISSING.
T  INDICATES TRACE AMOUNT.

$$



USA.gov is the U.S. government's official web portal to all federal, state and local government web resources and services.
  • National Weather Service
  • WSO Pago Pago Weather Service Office
  • Pago Pago, AS
  • (684) 699-9130
  • Page Author: PPG Webmaster
  • Incorrect Region Format!
  • Web Master's E-mail:
  • Page last modified: Mar 10th, 2020 21:02 UTC