000
CXUS51 KGYX 061844
CLMMHT

PWMCLMMHT 000
TTAA00 KGYX 011132


CLIMATE REPORT
NATIONAL WEATHER SERVICE GRAY ME
144 PM EST FRI MAR 6 2020

...................................

...THE MANCHESTER CLIMATE SUMMARY FOR THE MONTH OF FEBRUARY 2020...

CLIMATE NORMAL PERIOD 1981 TO 2010
CLIMATE RECORD PERIOD 1885 TO 2020

WEATHER         OBSERVED          NORMAL  DEPART  LAST YEAR`S
                 VALUE   DATE(S)  VALUE   FROM    VALUE
                                          NORMAL
.............................................................
TEMPERATURE (F)
HIGHEST            60   02/24        54       6
LOWEST             -7   02/15         1      -8
AVG. MAXIMUM     39.9              36.9     3.0
AVG. MINIMUM     23.4              19.0     4.4
MEAN             31.7              28.0     3.7
DAYS MAX >= 90      0               0.0     0.0
DAYS MAX <= 32      4               7.9    -3.9
DAYS MIN <= 32     25              26.2    -1.2
DAYS MIN <= 0       1               0.5     0.5

PRECIPITATION (INCHES)
TOTALS           2.90              2.78    0.12
DAILY AVG.       0.10              0.10    0.00
DAYS >= .01         7               9.6    -2.6
DAYS >= .10         5               5.9    -0.9
DAYS >= .50         3               2.0     1.0
DAYS >= 1.00        0               0.6    -0.6
GREATEST
 24 HR. TOTAL    0.72   02/27

SNOWFALL (INCHES)
TOTALS            7.7
SINCE 7/1        44.2
DAYS >= TRACE       8
DAYS >= 1.0         3
GREATEST
 SNOW DEPTH         3   02/19
                        02/13
                        02/11

DEGREE_DAYS
HEATING TOTAL     960              1037     -77
 SINCE 7/1       4289              4697    -408     4640
COOLING TOTAL       0                 0       0
 SINCE 1/1          0                 0       0        0
..............................................................

WIND (MPH)
AVERAGE WIND SPEED              5.9
HIGHEST WIND SPEED/DIRECTION    29/240    DATE  02/27
HIGHEST GUST SPEED/DIRECTION    40/250    DATE  02/27

SKY COVER
AVERAGE SKY COVER           0.60

AVERAGE RH (PERCENT)     62


-  INDICATES NEGATIVE NUMBERS.
R  INDICATES RECORD WAS SET OR TIED.
MM INDICATES DATA IS MISSING.
T  INDICATES TRACE AMOUNT.

&&

FEBRUARY CONTINUED THE WINTER TREND OF PERSISTENT WARMER THAN NORMAL
WEATHER WITH BRIEF PERIODS OF ARCTIC COLD. THE FIRST WEEK OF THE
MONTH WAS A MILD ONE WITH SEVERAL DAYS IN THE 40S. A WINTER STORM
BROUGHT SNOW, SLEET, AND FREEZING RAIN ON THE 6TH AND 7TH WITH COLD
AIR ARRIVING BEHIND THE STORM. THE COLD DIDN`T LAST LONG, THOUGH, AS
THE MILD WEATHER RETURNED JUST TWO DAYS LATER. MORE SNOW FELL ON THE
13TH WITH ANOTHER SURGE OF ARCTIC AIR JUST IN TIME FOR VALENTINE`S
DAY. THE TEMPERATURE BOTTOMED OUT AT 7 BELOW ZERO ON THE 15TH WHICH
WAS THE COLDEST TEMPERATURE OBSERVED AT MANCHESTER IN MORE THAN TWO
YEARS (SINCE JANUARY 2, 2018). THE TEMPERATURE JUMPED BACK INTO THE
40S THE VERY NEXT DAY. MORE LIGHT SNOW CAME ON THE 18TH WITH ANOTHER
BRIEF SHOT OF COLD WEATHER BEHIND IT. THE WARM WEATHER RETURNED FOR
THE LAST PART OF THE MONTH. THE TEMPERATURE TOPPED 50 DEGREES ON 4
STRAIGHT DAYS FROM THE 23RD THROUGH THE 26TH WITH THE WARMEST BEING
60 DEGREES ON THE 24TH. THIS MARKS THE 5TH FEBRUARY IN A ROW THAT
MANCHESTER HAS REACHED 60 DEGREES. RAIN FELL ON THE 27TH AS THE
WARMER THAN NORMAL WEATHER CONTINUED.

THE AVERAGE TEMPERATURE FOR THE MONTH WAS 31.7 DEGREES WHICH WAS 3.7
DEGREES ABOVE NORMAL. THE WARMEST FEBRUARY WAS IN 2018 WHEN THE
AVERAGE TEMPERATURE WAS 34.4 DEGREES. THE COLDEST WAS IN 1934 AT
ONLY 13.4 DEGREES.

A TOTAL OF 2.90 INCHES OF PRECIPITATION FELL WHICH WAS 0.12 INCHES
ABOVE NORMAL. THIS INCLUDED 7.7 INCHES OF SNOW AND SLEET. THE
HEAVIEST PRECIPITATION WAS ON THE 6TH AND 7TH WHEN 0.99 INCHES FELL
PRIMARILY IN THE FORM OF SNOW, SLEET, AND FREEZING RAIN. THE WETTEST
FEBRUARY WAS IN 2008 WHEN 7.83 INCHES WAS MEASURED. THE DRIEST HAD
ONLY 0.92 INCHES IN 1968.

HISTORICAL RECORDS AT MANCHESTER BEGAN IN 1885, BUT WITHIN THIS
RECORD THERE REMAIN NUMEROUS YEARS OF UNAVAILABLE DATA. DUE TO THIS,
HISTORICAL RECORDS SHOULD BE CONSIDERED INCOMPLETE AS SOME
SIGNIFICANT EXTREMES MAY BE MISSING FROM THE DATA. MORE CONSISTENT
MODERN RECORDS BEGAN IN 1998 AND CONTINUE TO THE PRESENT.

$$

KIMBLE



USA.gov is the U.S. government's official web portal to all federal, state and local government web resources and services.
  • National Weather Service
  • WSO Pago Pago Weather Service Office
  • Pago Pago, AS
  • (684) 699-9130
  • Page Author: PPG Webmaster
  • Incorrect Region Format!
  • Web Master's E-mail:
  • Page last modified: Mar 10th, 2020 21:02 UTC