000
CXUS53 KIND 011618
CLMMIE

CLIMATE REPORT
NATIONAL WEATHER SERVICE INDIANAPOLIS IN
1118 AM EST SUN MAR 01 2020

...................................

...THE MUNCIE IN CLIMATE SUMMARY FOR THE MONTH OF FEBRUARY 2020...

CLIMATE NORMAL PERIOD 1981 TO 2010
CLIMATE RECORD PERIOD 9999 TO 9999

WEATHER         OBSERVED          NORMAL  DEPART   LAST YEAR`S
                VALUE   DATE(S)   VALUE   FROM     VALUE DATE(S)
                                          NORMAL
................................................................
TEMPERATURE (F)
HIGHEST           64   02/03                          61  02/07
LOWEST             3R  02/14                           9  02/01
AVG. MAXIMUM    40.7               37.8     2.9     41.2
AVG. MINIMUM    26.4               21.5     4.9     26.0
MEAN            33.6               29.7     3.9     33.6
DAYS MAX >= 90     0                0.0     0.0        0
DAYS MAX <= 32     6                8.7    -2.7        6
DAYS MIN <= 32    21               23.4    -2.4       22
DAYS MIN <= 0      0                1.1    -1.1        0

PRECIPITATION (INCHES)
TOTALS          1.79               2.31   -0.52     3.36
DAILY AVG.      0.06                NAN     NAN     0.12
DAYS >= .01       11                9.9     1.1       13
DAYS >= .10        7                5.5     1.5        6
DAYS >= .50        1                1.5    -0.5        3
DAYS >= 1.00       0                0.3    -0.3        1
GREATEST
 24 HR. TOTAL   0.68   02/09 TO 02/10


DEGREE DAYS
HEATING TOTAL    904                990     -86      872
 SINCE 7/1      3663               4443    -780     4066
COOLING TOTAL      0                  0       0        0
 SINCE 1/1         0                  0       0        0
................................................................

WIND (MPH)
AVERAGE WIND SPEED              9.6
HIGHEST WIND SPEED/DIRECTION    29/270    DATE  02/02
HIGHEST GUST SPEED/DIRECTION    46/270    DATE  02/02

SKY COVER
POSSIBLE SUNSHINE (PERCENT)   MM
AVERAGE SKY COVER           0.60
NUMBER OF DAYS FAIR            8
NUMBER OF DAYS PC             10
NUMBER OF DAYS CLOUDY         11

AVERAGE RH (PERCENT)     69

WEATHER CONDITIONS. NUMBER OF DAYS WITH
THUNDERSTORM              0     MIXED PRECIP               0
HEAVY RAIN                0     RAIN                       4
LIGHT RAIN               11     FREEZING RAIN              1
LT FREEZING RAIN          4     HAIL                       0
HEAVY SNOW                2     SNOW                       4
LIGHT SNOW               12     SLEET                      0
FOG                      14     FOG W/VIS <= 1/4 MILE      4
HAZE                     18

-  INDICATES NEGATIVE NUMBERS.
R  INDICATES RECORD WAS SET OR TIED.
MM INDICATES DATA IS MISSING.
T  INDICATES TRACE AMOUNT.

$$


USA.gov is the U.S. government's official web portal to all federal, state and local government web resources and services.
  • National Weather Service
  • WSO Pago Pago Weather Service Office
  • Pago Pago, AS
  • (684) 699-9130
  • Page Author: PPG Webmaster
  • Incorrect Region Format!
  • Web Master's E-mail:
  • Page last modified: Mar 10th, 2020 21:02 UTC