000
CXUS53 KGRR 010955
CLMMKG


CLIMATE REPORT
NATIONAL WEATHER SERVICE GRAND RAPIDS, MI
518 AM EDT WED APR 1 2020

...................................

...THE MUSKEGON MI CLIMATE SUMMARY FOR THE MONTH OF MARCH 2020...

CLIMATE NORMAL PERIOD 1981 TO 2010
CLIMATE RECORD PERIOD 1896 TO 2020

WEATHER         OBSERVED          NORMAL  DEPART  LAST YEAR`S
                 VALUE   DATE(S)  VALUE   FROM    VALUE  DATE(S)
                                          NORMAL
................................................................
TEMPERATURE (F)
RECORD
 HIGH              82   03/21/2012
                        03/20/2012
                        08/06/1918
 LOW              -11   03/16/1897
HIGHEST            57   03/29        65      -8       61  03/14
                        03/27
                        03/08
LOWEST             16   03/07         7       9        6  03/08
AVG. MAXIMUM     46.2              43.0     3.2     40.1
AVG. MINIMUM     30.3              27.0     3.3     23.5
MEAN             38.3              35.0     3.3     31.8
DAYS MAX >= 90      0               0.0     0.0        0
DAYS MAX <= 32      0               4.6    -4.6        5
DAYS MIN <= 32     19              21.7    -2.7       24
DAYS MIN <= 0       0               0.0     0.0        0

PRECIPITATION (INCHES)
RECORD
 MAXIMUM         6.59   1976
 MINIMUM         0.00   1936
                        1910
TOTALS           3.79              2.25    1.54     3.19
DAILY AVG.       0.12              0.07    0.05     0.10
DAYS >= .01        14              11.2     2.8       12
DAYS >= .10         6               5.8     0.2        7
DAYS >= .50         2               1.0     1.0        1
DAYS >= 1.00        1               0.2     0.8        1
GREATEST
 24 HR. TOTAL    1.51   03/28 TO 03/28

SNOWFALL (INCHES)
RECORDS
 TOTAL           35.7   1965
 24 HR TOTAL     10.5   03/02/2002 TO 03/02/2002
 SNOW DEPTH        24   03/05/2014
TOTALS            1.6               9.0    -7.4      5.2
SINCE 7/1        51.9              91.4   -39.5     69.4
SNOWDEPTH AVG.      0                 4      -4        2
DAYS >= TRACE       7               6.3     0.7       10
DAYS >= 1.0         1               2.8    -1.8        3
GREATEST
 SNOW DEPTH         2   03/23                          5  03/08
                                                          03/07
                                                          03/06
 24 HR TOTAL      1.2   03/23 TO 03/23

DEGREE_DAYS
HEATING TOTAL     822               930    -108     1023
 SINCE 7/1       5227              5662    -435     5794
COOLING TOTAL       0                 0       0        0
 SINCE 1/1          0                 0       0        0

FREEZE DATES
RECORD
 EARLIEST     09/22/1976
 LATEST       06/22/1992
EARLIEST                        10/14
LATEST                          05/04
.................................................................

WIND (MPH)
AVERAGE WIND SPEED              10.5
RESULTANT WIND SPEED/DIRECTION   2/205
HIGHEST WIND SPEED/DIRECTION    30/340    DATE  03/20
HIGHEST GUST SPEED/DIRECTION    46/230    DATE  03/12

SKY COVER
POSSIBLE SUNSHINE (PERCENT)   MM
AVERAGE SKY COVER           0.70
NUMBER OF DAYS FAIR            4
NUMBER OF DAYS PC             12
NUMBER OF DAYS CLOUDY         15

AVERAGE RH (PERCENT)     68

WEATHER CONDITIONS. NUMBER OF DAYS WITH
  0
  4
  0
  0
  0
  0
  0
HAZE                      7

-  INDICATES NEGATIVE NUMBERS.
R  INDICATES RECORD WAS SET OR TIED.
MM INDICATES DATA IS MISSING.
T  INDICATES TRACE AMOUNT.

$$


USA.gov is the U.S. government's official web portal to all federal, state and local government web resources and services.
  • National Weather Service
  • WSO Pago Pago Weather Service Office
  • Pago Pago, AS
  • (684) 699-9130
  • Page Author: PPG Webmaster
  • Incorrect Region Format!
  • Web Master's E-mail:
  • Page last modified: Mar 10th, 2020 21:02 UTC