000
CXUS53 KGRR 011011
CLMMKG
CLIMATE REPORT
NATIONAL WEATHER SERVICE GRAND RAPIDS, MICHIGAN
511 AM EST FRI MAR 01 2024
...................................
...THE MUSKEGON CLIMATE SUMMARY FOR THE MONTH OF FEBRUARY 2024...
CLIMATE NORMAL PERIOD: 1991 TO 2020
CLIMATE RECORD PERIOD: 1896 TO 2024
WEATHER OBSERVED NORMAL DEPART LAST YEAR`S
VALUE DATE(S) VALUE FROM VALUE DATE(S)
NORMAL
................................................................
TEMPERATURE (F)
RECORD
HIGH 67 02/11/1999
LOW -30 02/11/1899
HIGHEST 67R 02/27 48 19 59 02/14
LOWEST 15 02/24 0 15 8 02/07
AVG. MAXIMUM 46.2 34.5 11.7 39.8
AVG. MINIMUM 27.4 20.8 6.6 24.8
MEAN 36.8 27.7 9.1 32.3
DAYS MAX >= 90 0 0.0 0.0 0
DAYS MAX <= 32 2 12.8 -10.8 5
DAYS MIN <= 32 23 25.0 -2.0 24
DAYS MIN <= 0 0 1.0 -1.0 0
PRECIPITATION (INCHES)
RECORD
MAXIMUM 5.30 1908
MINIMUM 0.16 2003
TOTALS 0.59 2.11 -1.52 3.04
DAILY AVG. 0.02 NAN NAN 0.11
DAYS >= .01 4 12.9 -8.9 10
DAYS >= .10 1 5.3 -4.3 6
DAYS >= .50 1 0.9 0.1 2
DAYS >= 1.00 0 0.4 -0.4 1
GREATEST
24 HR. TOTAL 0.56 02/15 TO 02/15
SNOWFALL (INCHES)
RECORDS
TOTAL 53.3 2013
SNOW DEPTH 32 02/15/1958
02/17/1958
02/18/1958
TOTALS 6.1 20.0 -13.9 6.0
SINCE 7/1 49.7 77.9 -28.2 MM
SNOWDEPTH AVG. 1 2
DAYS >= TRACE 5 11.7 -6.7 12
DAYS >= 1.0 1 6.3 -5.3 2
GREATEST
SNOW DEPTH 4 02/15 10 02/01
02/02
DEGREE DAYS
HEATING TOTAL 811 1046 -235 909
SINCE 7/1 3705 4604 -899 MM
COOLING TOTAL 0 0 0 0
SINCE 1/1 0 0 0 MM
FREEZE DATES
RECORD
EARLIEST 09/22/1976
LATEST 06/22/1992
EARLIEST 10/31
LATEST 04/27
................................................................
WIND (MPH)
AVERAGE WIND SPEED 9.3
RESULTANT WIND SPEED/DIRECTION 3/230
HIGHEST WIND SPEED/DIRECTION 32/230 DATE 02/17
32/320 02/28
HIGHEST GUST SPEED/DIRECTION 50/320 DATE 02/28
SKY COVER
POSSIBLE SUNSHINE (PERCENT) MM
AVERAGE SKY COVER 0.58
NUMBER OF DAYS FAIR 5
NUMBER OF DAYS PC 15
NUMBER OF DAYS CLOUDY 9
AVERAGE RH (PERCENT) 65
WEATHER CONDITIONS. NUMBER OF DAYS WITH
THUNDERSTORM 2 MIXED PRECIP 0
HEAVY RAIN 0 RAIN 0
LIGHT RAIN 5 FREEZING RAIN 0
LT FREEZING RAIN 0 HAIL 0
HEAVY SNOW 2 SNOW 3
LIGHT SNOW 5 SLEET 0
FOG 14 FOG W/VIS <= 1/4 MILE 1
HAZE 19
- INDICATES NEGATIVE NUMBERS.
R INDICATES RECORD WAS SET OR TIED.
MM INDICATES DATA IS MISSING.
T INDICATES TRACE AMOUNT.
$$