000
CXUS54 KMEG 020256
CLMMKL


CLIMATE REPORT
NATIONAL WEATHER SERVICE MEMPHIS TN
854 PM CST SUN MAR 1 2020

...................................

...THE JACKSON CLIMATE SUMMARY FOR THE MONTH OF FEBRUARY 2020...

CLIMATE NORMAL PERIOD 1981 TO 2010
CLIMATE RECORD PERIOD 1948 TO 2020

WEATHER         OBSERVED          NORMAL  DEPART  LAST YEAR`S
                 VALUE   DATE(S)  VALUE   FROM    VALUE  DATE(S)
                                          NORMAL
................................................................
TEMPERATURE (F)
RECORD
 HIGH              81   02/23/1982
                        02/13/1962
 LOW              -12   02/02/1951
HIGHEST            73   02/03        52      21       72  02/07
                                                          02/06
LOWEST             17   02/22        31     -14       22  02/09
AVG. MAXIMUM     52.7              52.9    -0.2     56.3
AVG. MINIMUM     34.2              31.8     2.4     37.2
MEAN             43.4              42.3     1.1     46.8
DAYS MAX >= 90      0               0.0     0.0        0
DAYS MAX <= 32      0               1.1    -1.1        0
DAYS MIN <= 32     12              15.0    -3.0       11
DAYS MIN <= 0       0               0.0     0.0        0

PRECIPITATION (INCHES)
RECORD
 MAXIMUM        14.54   2018
 MINIMUM         1.22   1968
TOTALS           5.95              4.17    1.78    10.24
DAILY AVG.       0.21                MM      MM     0.37
DAYS >= .01        14               9.6     4.4       16
DAYS >= .10         8               6.4     1.6       12
DAYS >= .50         5               3.0     2.0        8
DAYS >= 1.00        2               1.4     0.6        4
GREATEST
 24 HR. TOTAL    1.59   02/04 TO 02/04

SNOWFALL (INCHES)
RECORDS
 TOTAL           12.6   1985
TOTALS            1.1               1.6    -0.5        T
SINCE 7/1         1.1               4.2    -3.1      1.0
SNOWDEPTH AVG.      0                MM      MM        0
DAYS >= 1.0         1               0.6     0.4        0
GREATEST
 SNOW DEPTH         1   02/07                          0  MM
 24 HR TOTAL      1.0   02/06 TO 02/06

DEGREE_DAYS
HEATING TOTAL     618               635     -17      505
 SINCE 7/1       2653              2903    -250     2776
COOLING TOTAL       0                 1      -1        2
 SINCE 1/1          0                 1      -1        2
.................................................................

WIND (MPH)
AVERAGE WIND SPEED              8.5
HIGHEST WIND SPEED/DIRECTION    30/310    DATE  02/12
HIGHEST GUST SPEED/DIRECTION    39/320    DATE  02/12

SKY COVER
POSSIBLE SUNSHINE (PERCENT)   MM
AVERAGE SKY COVER           0.60
NUMBER OF DAYS FAIR           10
NUMBER OF DAYS PC              5
NUMBER OF DAYS CLOUDY         14

AVERAGE RH (PERCENT)     74

WEATHER CONDITIONS. NUMBER OF DAYS WITH
  0
  6
  0
  0
  0
  1
  0
HAZE                      0

-  INDICATES NEGATIVE NUMBERS.
R  INDICATES RECORD WAS SET OR TIED.
MM INDICATES DATA IS MISSING.
T  INDICATES TRACE AMOUNT.

$$


USA.gov is the U.S. government's official web portal to all federal, state and local government web resources and services.
  • National Weather Service
  • WSO Pago Pago Weather Service Office
  • Pago Pago, AS
  • (684) 699-9130
  • Page Author: PPG Webmaster
  • Incorrect Region Format!
  • Web Master's E-mail:
  • Page last modified: Mar 10th, 2020 21:02 UTC