000
CXUS52 KMLB 011925
CLMMLB

CLIMATE REPORT
NATIONAL WEATHER SERVICE MELBOURNE FL
325 PM EDT WED APR 01 2020

...................................

...THE MELBOURNE CLIMATE SUMMARY FOR THE MONTH OF MARCH 2020...

CLIMATE NORMAL PERIOD 1981 TO 2010
CLIMATE RECORD PERIOD 1939 TO 2020

WEATHER         OBSERVED          NORMAL  DEPART   LAST YEAR`S
                VALUE   DATE(S)   VALUE   FROM     VALUE
                                          NORMAL
..............................................................
TEMPERATURE (F)
MONTHLY RECORD
 WARMEST        72.7   1948
 COOLEST        60.2   1969
DAILY RECORD
 HIGH             93   03/28/1994
 LOW              25   03/03/1980
MARCH 2020
HIGHEST           90   03/05                          88
                       03/31
LOWEST            40   03/01                          44
AVG. MAXIMUM    80.5               76.7     3.8     77.6
AVG. MINIMUM    61.9               55.1     6.8     59.4
MEAN            71.2               65.9     5.3     68.5
DAYS MAX >= 90     2                0.2     1.8        0
DAYS MAX <= 32     0                0.0     0.0        0
DAYS MIN <= 32     0                0.0     0.0        0
DAYS MIN <= 0      0                0.0     0.0        0

PRECIPITATION (INCHES)
MONTHLY RECORD
 MAXIMUM       11.58   1996
 MINIMUM        0.03   1956
DAILY RECORD
 MAXIMUM        5.24   03/11/1996
MARCH 2020
TOTALS          0.10               3.28   -3.18     3.07
DAYS >= .01        2                7.3    -5.3       10
DAYS >= .10        0                4.5    -4.5        5
DAYS >= .50        0                2.0    -2.0        2
DAYS >= 1.00       0                1.0    -1.0        1
GREATEST
 24 HR. TOTAL   0.07   03/31 TO 03/31

SNOWFALL (INCHES)
TOTALS           0.0                0.0     0.0      0.0
SINCE 7/1        0.0                0.0     0.0       MM
DAYS >= TRACE      0                                   0

DEGREE DAYS
HEATING TOTAL     22                 71     -49       33
 SINCE 7/1       299                559    -260      332
COOLING TOTAL    224                 99     125      150
 SINCE 1/1       461                197     264      381
..............................................................

WIND (MPH)
AVERAGE WIND SPEED              9.3
HIGHEST WIND SPEED/DIRECTION    28/100    DATE  03/09
                                28/240          03/31
HIGHEST GUST SPEED/DIRECTION    36/250    DATE  03/31

SKY COVER
POSSIBLE SUNSHINE (PERCENT)   MM
AVERAGE SKY COVER           0.24
NUMBER OF DAYS FAIR           23
NUMBER OF DAYS PC              8
NUMBER OF DAYS CLOUDY          0

AVERAGE RH (PERCENT)     75

WEATHER CONDITIONS. NUMBER OF DAYS WITH
THUNDERSTORM              0     MIXED PRECIP               0
HEAVY RAIN                0     RAIN                       0
LIGHT RAIN                5     LT FREEZING RAIN           0
HAIL                      0     LIGHT SNOW                 0
SLEET                     0     FOG                       16
FOG W/VIS <= 1/4 MILE     2     HAZE                       3

-  INDICATES NEGATIVE NUMBERS.
R  INDICATES RECORD WAS SET OR TIED.
MM INDICATES DATA IS MISSING.
T  INDICATES TRACE AMOUNT.

$$



USA.gov is the U.S. government's official web portal to all federal, state and local government web resources and services.
  • National Weather Service
  • WSO Pago Pago Weather Service Office
  • Pago Pago, AS
  • (684) 699-9130
  • Page Author: PPG Webmaster
  • Incorrect Region Format!
  • Web Master's E-mail:
  • Page last modified: Mar 10th, 2020 21:02 UTC