000
CXUS53 KDVN 010922
CLMMLI


CLIMATE REPORT
NATIONAL WEATHER SERVICE QUAD CITIES IA IL
412 AM CDT WED APR 1 2020

...................................

...THE MOLINE CLIMATE SUMMARY FOR THE MONTH OF MARCH 2020...

CLIMATE NORMAL PERIOD 1981 TO 2010
CLIMATE RECORD PERIOD 1872 TO 2020

WEATHER         OBSERVED          NORMAL  DEPART
                 VALUE   DATE(S)  VALUE   FROM
                                          NORMAL
................................................
TEMPERATURE (F)
RECORD
 HIGH              88   03/29/1986
 LOW              -19   03/06/1960
HIGHEST            71   03/08        56      15
LOWEST             22   03/06        24      -2
AVG. MAXIMUM     51.9              48.8     3.1
AVG. MINIMUM     34.1              29.4     4.7
MEAN             43.0              39.1     3.9
DAYS MAX >= 90      0               0.0     0.0
DAYS MAX <= 32      0               2.8    -2.8
DAYS MIN <= 32     12              19.1    -7.1
DAYS MIN <= 0       0               0.1    -0.1

PRECIPITATION (INCHES)
RECORD
 MAXIMUM         7.43   1973
 MINIMUM         0.17   1885
TOTALS           3.51              2.86    0.65
DAILY AVG.       0.11              0.09    0.02
DAYS >= .01        10              10.1    -0.1
DAYS >= .10         8
DAYS >= .50         3
DAYS >= 1.00        1               0.6     0.4
GREATEST
 24 HR. TOTAL    1.21   03/27 TO 03/28

SNOWFALL (INCHES)
RECORDS
 TOTAL           24.8   1923
TOTALS            4.2               4.0     0.2
SINCE 7/1        34.1              30.7     3.4
SNOWDEPTH AVG.      0
DAYS >= TRACE       3               3.2    -0.2
DAYS >= 1.0         2               1.4     0.6
GREATEST
 SNOW DEPTH         2   03/23
 24 HR TOTAL      2.9   03/22 TO 03/22

DEGREE_DAYS
HEATING TOTAL     674               804    -130
 SINCE 7/1       5123              5602    -479
COOLING TOTAL       0                 1      -1
 SINCE 1/1          0                 1      -1
.................................................

WIND (MPH)
AVERAGE WIND SPEED              9.7
HIGHEST WIND SPEED/DIRECTION    38/270    DATE  03/05
HIGHEST GUST SPEED/DIRECTION    50/280    DATE  03/29

SKY COVER
POSSIBLE SUNSHINE (PERCENT)   MM
AVERAGE SKY COVER           0.60
NUMBER OF DAYS FAIR            9
NUMBER OF DAYS PC              9
NUMBER OF DAYS CLOUDY         13

AVERAGE RH (PERCENT)     69

WEATHER CONDITIONS. NUMBER OF DAYS WITH
THUNDERSTORM              4     HAIL                     0
SLEET                     0     FOG                     17
FOG W/VIS <= 1/4 MILE     2     HAZE                     7

-  INDICATES NEGATIVE NUMBERS.
R  INDICATES RECORD WAS SET OR TIED.
MM INDICATES DATA IS MISSING.
T  INDICATES TRACE AMOUNT.

$$

NOTE: SUPPLEMENTAL CLIMATE DATA WAS USED FROM A NEARBY
CLIMATOLOGICALLY REPRESENTATIVE STATION.



USA.gov is the U.S. government's official web portal to all federal, state and local government web resources and services.
  • National Weather Service
  • WSO Pago Pago Weather Service Office
  • Pago Pago, AS
  • (684) 699-9130
  • Page Author: PPG Webmaster
  • Incorrect Region Format!
  • Web Master's E-mail:
  • Page last modified: Mar 10th, 2020 21:02 UTC