000
CXUS51 KCAR 090824
CLMMLT


CLIMATE REPORT
NATIONAL WEATHER SERVICE CARIBOU, ME
409 AM EDT MON MAR 9 2020

...................................

...THE MILLINOCKET ME CLIMATE SUMMARY FOR THE SEASON, FROM
12/1/2019 TO 2/29/2020...

CLIMATE NORMAL PERIOD 1981 TO 2010
CLIMATE RECORD PERIOD 1903 TO 2020

WEATHER         OBSERVED          NORMAL  DEPART  LAST YEAR`S
                 VALUE   DATE(S)  VALUE   FROM    VALUE  DATE(S)
                                          NORMAL
................................................................
TEMPERATURE (F)
RECORD
 HIGH              62   02/21/1994
                        12/11/1907
 LOW              -42   02/02/1962
HIGHEST            52   12/15        MM      MM       53  12/22
                                                          12/21
LOWEST            -11   02/15        MM      MM      -13  01/14
AVG. MAXIMUM     30.9              27.4     3.5     26.2
AVG. MINIMUM     13.0               9.0     4.0      6.9
MEAN             22.0              18.2     3.8     16.6
DAYS MAX >= 90      0               0.0     0.0        0
DAYS MAX <= 32     53              59.3    -6.3       67
DAYS MIN <= 32     89              88.0     1.0       90
DAYS MIN <= 0       9              22.7   -13.7       31

PRECIPITATION (INCHES)
RECORD
 MAXIMUM         9.71   2016
                        2008
 MINIMUM         6.19   2007
TOTALS           8.19                     -0.45
DAILY AVG.       0.09              0.10   -0.01     0.09
DAYS >= .01        32                MM      MM       29
DAYS >= .10        16                MM      MM       16
DAYS >= .50         7                MM      MM        7
DAYS >= 1.00        1                MM      MM        1
GREATEST
 24 HR. TOTAL    1.45   MM                       02/28 TO 02/28
                                                          02/28 TO 02/28EATHER         OBSERVED          NORMAL  DEPART  LAST YEAR`S
                                                          02/28 TO 02/28EATHER         OBSERVED          NORMAL  DEPART  LAST YEAR`S

SNOWFALL (INCHES)
TOTALS             MM                MM      MM       MM
SINCE 7/1          MM                MM      MM       MM
SNOWDEPTH AVG.     MM                MM      MM       MM
DAYS >= 1.0         0                MM      MM        0
GREATEST
 SNOW DEPTH        MM                                 MM  MM
 24 HR TOTAL       MM                                 MM

DEGREE_DAYS
HEATING TOTAL    3884              4209    -325     4332
 SINCE 7/1       5729              6094    -365     6314
.................................................................

WIND (MPH)
AVERAGE WIND SPEED              5.4
HIGHEST WIND SPEED/DIRECTION    30/300    DATE  02/19
HIGHEST GUST SPEED/DIRECTION    42/310    DATE  12/19

SKY COVER
POSSIBLE SUNSHINE (PERCENT)   MM
AVERAGE SKY COVER           0.50
NUMBER OF DAYS FAIR           31
NUMBER OF DAYS PC             25
NUMBER OF DAYS CLOUDY         35

AVERAGE RH (PERCENT)     69

WEATHER CONDITIONS. NUMBER OF DAYS WITH
  0
  1
  2
  0
  9
  0
 10
HAZE                     25

-  INDICATES NEGATIVE NUMBERS.
R  INDICATES RECORD WAS SET OR TIED.
MM INDICATES DATA IS MISSING.
T  INDICATES TRACE AMOUNT.

$$



USA.gov is the U.S. government's official web portal to all federal, state and local government web resources and services.
  • National Weather Service
  • WSO Pago Pago Weather Service Office
  • Pago Pago, AS
  • (684) 699-9130
  • Page Author: PPG Webmaster
  • Incorrect Region Format!
  • Web Master's E-mail:
  • Page last modified: Mar 10th, 2020 21:02 UTC