000
CXUS56 KPQR 011834
CLMMMV

CLIMATE REPORT...CORRECTED
NATIONAL WEATHER SERVICE PORTLAND OREGON
1012 AM PST SUN MAR 1 2020

...................................

...THE MCMINNVILLE OR CLIMATE SUMMARY FOR THE MONTH OF FEBRUARY 2020...

CLIMATE NORMAL PERIOD 1981 TO 2010
CLIMATE RECORD PERIOD 1894 TO 2020

WEATHER         OBSERVED          NORMAL  DEPART  LAST YEAR`S
                 VALUE   DATE(S)  VALUE   FROM    VALUE  DATE(S)
                                          NORMAL
................................................................
TEMPERATURE (F)
HIGHEST            62                                 54  02/02
LOWEST             27                                 23  02/10
AVG. MAXIMUM     51.7              50.7     1.0     43.4
AVG. MINIMUM     33.0              34.7    -1.7     31.1
MEAN             42.3              42.7    -0.4     37.2
DAYS MAX >= 90      0               0.0     0.0        0
DAYS MAX <= 32      0               0.0     0.0        0
DAYS MIN <= 32     16               9.1     6.9       17
DAYS MIN <= 0       0               0.0     0.0        0

PRECIPITATION (INCHES)
RECORD
 MAXIMUM        13.34   1949
 MINIMUM         0.02   1920
TOTALS           1.46              4.44   -2.98     5.09
DAYS >= .01        11                MM      MM       20
DAYS >= .10         5                MM      MM       14
DAYS >= .50         0                MM      MM        3
DAYS >= 1.00        0                MM      MM        1
GREATEST
 24 HR. TOTAL    0.42   02/29 TO 02/29

DEGREE_DAYS
HEATING TOTAL     649               624      25      771
 SINCE 7/1       3218              3400    -182     3256
COOLING TOTAL       0                 0       0        0
 SINCE 1/1          0                 0       0        0
.................................................................

WIND (MPH)
AVERAGE WIND SPEED              5.9
RESULTANT WIND SPEED/DIRECTION   2/235
HIGHEST WIND SPEED/DIRECTION    33/280    DATE  02/23
HIGHEST GUST SPEED/DIRECTION    45/290    DATE  02/23

SKY COVER
POSSIBLE SUNSHINE (PERCENT)   MM
AVERAGE SKY COVER           0.50

AVERAGE RH (PERCENT)     80

WEATHER CONDITIONS. NUMBER OF DAYS WITH
THUNDERSTORMS             0     MIXED PRECIP                0
HEAVY RAIN                1     RAIN                        4
LIGHT RAIN               14     FREEZING RAIN               0
LT FREEZING RAIN          0     HAIL                        0
HEAVY SNOW                0     SNOW                        0
LIGHT SNOW                0     SLEET                       0
FOG                      22     FOG W/VIS <= 1/4 MILE      11
HAZE                      1


-  INDICATES NEGATIVE NUMBERS.
R  INDICATES RECORD WAS SET OR TIED.
MM INDICATES DATA IS MISSING.
T  INDICATES TRACE AMOUNT.

$$


USA.gov is the U.S. government's official web portal to all federal, state and local government web resources and services.
  • National Weather Service
  • WSO Pago Pago Weather Service Office
  • Pago Pago, AS
  • (684) 699-9130
  • Page Author: PPG Webmaster
  • Incorrect Region Format!
  • Web Master's E-mail:
  • Page last modified: Mar 10th, 2020 21:02 UTC