000
CXUS54 KMOB 010854
CLMMOB

CLIMATE REPORT
NATIONAL WEATHER SERVICE MOBILE AL
241 AM CDT WED APR 1 2020

...................................

...THE MOBILE CLIMATE SUMMARY FOR THE MONTH OF MARCH 2020...

CLIMATE NORMAL PERIOD 1981 TO 2010
CLIMATE RECORD PERIOD 1842 TO 2020

WEATHER         OBSERVED          NORMAL  DEPART  LAST YEAR`S
                 VALUE   DATE(S)  VALUE   FROM    VALUE  DATE(S)
                                          NORMAL
................................................................
TEMPERATURE (F)
RECORD
 HIGH              91   03/27/1910
 LOW               21   03/14/1993
HIGHEST            87   03/29                         83  03/10
LOWEST             38   03/07                         29  03/06
AVG. MAXIMUM     77.8              71.2     6.6     71.1
AVG. MINIMUM     58.8              49.1     9.7     49.5
MEAN             68.3              60.2     8.1     60.3
DAYS MAX >= 90      0               0.0     0.0        0
DAYS MAX <= 32      0               0.0     0.0        0
DAYS MIN <= 32      0               1.1    -1.1        2
DAYS MIN <= 0       0               0.0     0.0        0

PRECIPITATION (INCHES)
RECORD
 MAXIMUM        20.23   1929
 MINIMUM         0.24   2006
TOTALS           0.97              6.14   -5.17     1.62
DAILY AVG.       0.03              0.20   -0.17     0.05
DAYS >= .01         6               8.6    -2.6        8
DAYS >= .10         3               6.0    -3.0        3
DAYS >= .50         1               3.2    -2.2        1
DAYS >= 1.00        0               2.1    -2.1        0
GREATEST
 24 HR. TOTAL    0.55   03/04 TO 03/04

SNOWFALL (INCHES)
RECORDS
 TOTAL              T   2009
TOTALS            0.0               0.1    -0.1      0.0
SINCE 7/1         0.0               0.2    -0.2        T
SNOWDEPTH AVG.      0                         M        0
DAYS >= 1.0         0               0.0     0.0        0
GREATEST
 SNOW DEPTH         0                                  0
 24 HR TOTAL      0.0   03/31 TO 03/31

DEGREE_DAYS
HEATING TOTAL      52               189    -137      186
 SINCE 7/1       1269              1631    -362     1316
COOLING TOTAL     161                39     122       50
 SINCE 1/1        192                55     137      122
.................................................................

WIND (MPH)
AVERAGE WIND SPEED              8.4
HIGHEST WIND SPEED/DIRECTION    30/040    DATE  03/04
HIGHEST GUST SPEED/DIRECTION    40/040    DATE  03/04

SKY COVER
POSSIBLE SUNSHINE (PERCENT)
AVERAGE SKY COVER           0.60
NUMBER OF DAYS FAIR            3
NUMBER OF DAYS PC             19
NUMBER OF DAYS CLOUDY          9

AVERAGE RH (PERCENT)     74

WEATHER CONDITIONS. NUMBER OF DAYS WITH
THUNDERSTORM              1     MIXED PRECIP               0
HEAVY RAIN                3     RAIN                       4
LIGHT RAIN                6     FREEZING RAIN              0
LT FREEZING RAIN          0     HAIL                       0
HEAVY SNOW                0     SNOW                       0
LIGHT SNOW                0     SLEET                      0
FOG                       23    FOG W/VIS <= 1/4 MILE      7
HAZE                      11

-  INDICATES NEGATIVE NUMBERS.
R  INDICATES RECORD WAS SET OR TIED.
MM INDICATES DATA IS MISSING.
T  INDICATES TRACE AMOUNT.

$$



USA.gov is the U.S. government's official web portal to all federal, state and local government web resources and services.
  • National Weather Service
  • WSO Pago Pago Weather Service Office
  • Pago Pago, AS
  • (684) 699-9130
  • Page Author: PPG Webmaster
  • Incorrect Region Format!
  • Web Master's E-mail:
  • Page last modified: Mar 10th, 2020 21:02 UTC