000
CXUS53 KMPX 010731
CLMMPX

CLIMATE REPORT
NATIONAL WEATHER SERVICE TWIN CITIES/CHANHASSEN MN
231 AM CDT WED APR 01 2020

...................................

...THE CHANHASSEN MN CLIMATE SUMMARY FOR THE MONTH OF MARCH 2020...

CLIMATE NORMAL PERIOD: 1981 TO 2010
CLIMATE RECORD PERIOD: 1995 TO 2020

WEATHER         OBSERVED          NORMAL  DEPART   LAST YEAR`S
                VALUE   DATE(S)   VALUE   FROM     VALUE DATE(S)
                                          NORMAL
................................................................
TEMPERATURE (F)
HIGHEST           58   03/08         MM      MM       63  03/27
                       03/27
                       03/30
LOWEST            16   03/21         MM      MM      -19  03/03
AVG. MAXIMUM    43.0               40.1     2.9     35.1
AVG. MINIMUM    28.1               22.4     5.7     17.4
MEAN            35.5               31.3     4.2     26.2
DAYS MAX >= 90     0                                   0
DAYS MAX <= 32     1                                  11
DAYS MIN <= 32    23                                  29
DAYS MIN <= 0      0                                   6

PRECIPITATION (INCHES)
TOTALS          2.88               1.78    1.10     2.08
DAILY AVG.      0.09                                0.07
DAYS >= .01       10                                   6
DAYS >= .10        4                                   6
DAYS >= .50        1                                   2
DAYS >= 1.00       1                                   0
GREATEST
 24 HR. TOTAL   1.57   03/28 TO 03/28               0.70

SNOWFALL (INCHES)
TOTALS           3.4               10.8    -7.4     10.3
SINCE 7/1       47.1               50.5    -3.4       MM
SNOWDEPTH AVG.     1                                   7
DAYS >= 1.0        3                                   3
GREATEST
 SNOW DEPTH        5                                  17  03/02
 24 HR TOTAL      MM

DEGREE DAYS
HEATING TOTAL    907               1046    -139     1194
 SINCE 7/1      6968               7059     -91     7653
COOLING TOTAL      0                  0       0        0
 SINCE 1/1         0                  0       0        0
................................................................



-  INDICATES NEGATIVE NUMBERS.
R  INDICATES RECORD WAS SET OR TIED.
MM INDICATES DATA IS MISSING.
T  INDICATES TRACE AMOUNT.

$$


USA.gov is the U.S. government's official web portal to all federal, state and local government web resources and services.
  • National Weather Service
  • WSO Pago Pago Weather Service Office
  • Pago Pago, AS
  • (684) 699-9130
  • Page Author: PPG Webmaster
  • Incorrect Region Format!
  • Web Master's E-mail:
  • Page last modified: Mar 10th, 2020 21:02 UTC