000
CXUS53 KMQT 042246
CLMMQT

ARBCLMMQT 000
TTAA00 KMQT 042246


CLIMATE REPORT
NATIONAL WEATHER SERVICE MARQUETTE MI
645 PM EDT SAT APR 4 2020

...................................

...THE MARQUETTE MI CLIMATE SUMMARY FOR THE MONTH OF MARCH 2020...

CLIMATE NORMAL PERIOD 1981 TO 2010
CLIMATE RECORD PERIOD 1961 TO 2020

WEATHER         OBSERVED          NORMAL  DEPART  LAST YEAR`S
                 VALUE   DATE(S)  VALUE   FROM    VALUE  DATE(S)
                                          NORMAL
................................................................
TEMPERATURE (F)
RECORD
 HIGH              81   03/21/2012
 LOW              -30   03/03/2003
HIGHEST            54   03/08        33      21       50  03/23
LOWEST             -5   03/21        14     -19      -24  03/06
AVG. MAXIMUM     36.4              34.7     1.7     32.8
AVG. MINIMUM     19.1              13.8     5.3      9.8
MEAN             27.7              24.2     3.5     21.3
DAYS MAX >= 90      0               0.0     0.0        0
DAYS MAX <= 32      7              12.8    -5.8       12
DAYS MIN <= 32     31              29.2     1.8       30
DAYS MIN <= 0       1               4.4    -3.4        7

PRECIPITATION (INCHES)
RECORD
 MAXIMUM         6.08   1979
 MINIMUM         0.28   2010
TOTALS           4.26              3.03    1.23     1.12
DAILY AVG.       0.14              0.10    0.04     0.04
DAYS >= .01        11              14.5    -3.5       10
DAYS >= .10         7               7.2    -0.2        3
DAYS >= .50         4               1.4     2.6        0
DAYS >= 1.00        2               0.6     1.4        0
GREATEST
 24 HR. TOTAL    1.18   03/29 TO 03/29

SNOWFALL (INCHES)
RECORDS
 TOTAL           83.1   2002
                        0
                        0
TOTALS           23.8              34.9   -11.1      8.2
SINCE 7/1       183.9             187.3    -3.4    213.1
SNOWDEPTH AVG.     32                21      11       38
DAYS >= 1.0         5               7.2    -2.2        3
GREATEST
 SNOW DEPTH        39   03/07                         49  03/02
                        03/06                             03/01
 24 HR TOTAL      9.3   03/05 TO 03/05

DEGREE_DAYS
HEATING TOTAL    1149              1263    -114     1345
 SINCE 7/1       7607              7887    -280     8348
COOLING TOTAL       0                 0       0        0
 SINCE 1/1          0                 0       0        0
.................................................................

WIND (MPH)
AVERAGE WIND SPEED              MM
HIGHEST WIND SPEED/DIRECTION    15/090    DATE  03/15
HIGHEST GUST SPEED/DIRECTION    46/270    DATE  03/13

SKY COVER
POSSIBLE SUNSHINE (PERCENT)   MM
AVERAGE SKY COVER             MM
NUMBER OF DAYS FAIR            0
NUMBER OF DAYS PC              0
NUMBER OF DAYS CLOUDY          0

AVERAGE RH (PERCENT)     MM

WEATHER CONDITIONS. NUMBER OF DAYS WITH
THUNDERSTORM              0     MIXED PRECIP               1
HEAVY RAIN                0     RAIN                       0
LIGHT RAIN                5     FREEZING RAIN              0
LT FREEZING RAIN          2     HAIL                       0
HEAVY SNOW                0     SNOW                       2
LIGHT SNOW               21     SLEET                      0
FOG                       3     FOG W/VIS <= 1/4 MILE      1
HAZE                      0

-  INDICATES NEGATIVE NUMBERS.
R  INDICATES RECORD WAS SET OR TIED.
MM INDICATES DATA IS MISSING.
T  INDICATES TRACE AMOUNT.

$$



USA.gov is the U.S. government's official web portal to all federal, state and local government web resources and services.
  • National Weather Service
  • WSO Pago Pago Weather Service Office
  • Pago Pago, AS
  • (684) 699-9130
  • Page Author: PPG Webmaster
  • Incorrect Region Format!
  • Web Master's E-mail:
  • Page last modified: Mar 10th, 2020 21:02 UTC