000
CXUS56 KMTR 010848
CLMMRY

CLIMATE REPORT
NATIONAL WEATHER SERVICE SAN FRANCISCO BAY AREA
148 AM PDT WED APR 01 2020

...................................

...THE MONTEREY AIRPORT CLIMATE SUMMARY FOR THE MONTH OF MARCH 2020...

CLIMATE NORMAL PERIOD: 1981 TO 2010
CLIMATE RECORD PERIOD: 1998 TO 2020

WEATHER         OBSERVED                    LAST YEAR`S
                VALUE   DATE(S)             VALUE DATE(S)

.........................................................
TEMPERATURE (F)
RECORD
 HIGH             87   03/14/2015
 LOW              34   03/02/1971
HIGHEST           73   03/04                   76  03/17
LOWEST            40   03/02                   38  03/14
AVG. MAXIMUM    62.1                         62.0
AVG. MINIMUM    48.1                         46.1
MEAN            55.1                         54.0
DAYS MAX >= 90     0                            0
DAYS MAX <= 32     0                            0
DAYS MIN <= 32     0                            0
DAYS MIN <= 0      0                            0

PRECIPITATION (INCHES)
RECORD
 MAXIMUM        6.10   2020
 MINIMUM        6.10   2020
TOTALS          6.10R                        3.32
DAILY AVG.      0.20                         0.11
DAYS >= .01       20                           18
DAYS >= .10       10                           12
DAYS >= .50        6                            1
DAYS >= 1.00       2                            0
GREATEST
 24 HR. TOTAL   1.80   03/14 TO 03/15        0.71  03/20 TO 03/20


DEGREE DAYS
HEATING TOTAL    300                          333
 SINCE 7/1      1809                         2181
COOLING TOTAL      0                            0
 SINCE 1/1         0                            0
.........................................................

WIND (MPH)
AVERAGE WIND SPEED              5.9
RESULTANT WIND SPEED/DIRECTION   2/220
HIGHEST WIND SPEED/DIRECTION    23/250    DATE  03/06
HIGHEST GUST SPEED/DIRECTION    30/240    DATE  03/06
                                30/230          03/13

SKY COVER
POSSIBLE SUNSHINE (PERCENT)   MM
AVERAGE SKY COVER           0.61
NUMBER OF DAYS FAIR            6
NUMBER OF DAYS PC             13
NUMBER OF DAYS CLOUDY         12

AVERAGE RH (PERCENT)     69

WEATHER CONDITIONS. NUMBER OF DAYS WITH
THUNDERSTORM              0     MIXED PRECIP               0
HEAVY RAIN                7     RAIN                       7
LIGHT RAIN               19     FREEZING RAIN              0
LT FREEZING RAIN          0     HAIL                       0
HEAVY SNOW                0     SNOW                       0
LIGHT SNOW                0     SLEET                      0
FOG                      14     FOG W/VIS <= 1/4 MILE      1
HAZE                      6

-  INDICATES NEGATIVE NUMBERS.
R  INDICATES RECORD WAS SET OR TIED.
MM INDICATES DATA IS MISSING.
T  INDICATES TRACE AMOUNT.

$$



USA.gov is the U.S. government's official web portal to all federal, state and local government web resources and services.
  • National Weather Service
  • WSO Pago Pago Weather Service Office
  • Pago Pago, AS
  • (684) 699-9130
  • Page Author: PPG Webmaster
  • Incorrect Region Format!
  • Web Master's E-mail:
  • Page last modified: Mar 10th, 2020 21:02 UTC