000
CXUS54 KHUN 021717
CLMMSL

CLIMATE REPORT
NATIONAL WEATHER SERVICE HUNTSVILLE AL
1217 PM CDT THU APR 02 2020

...................................

...THE MUSCLE SHOALS CLIMATE SUMMARY FOR THE MONTH OF MARCH 2020...

CLIMATE NORMAL PERIOD 1981 TO 2010
CLIMATE RECORD PERIOD 1893 TO 2020

WEATHER         OBSERVED          NORMAL  DEPART   LAST YEAR`S
                VALUE   DATE(S)   VALUE   FROM     VALUE
                                          NORMAL
..............................................................
TEMPERATURE (F)
RECORD
 HIGH             92   03/25/1929
 LOW               7   03/07/1899
HIGHEST           87   03/27         MM      MM       77
LOWEST            35   03/07         MM      MM       24
AVG. MAXIMUM    70.6               64.4     6.2     62.5
AVG. MINIMUM    51.5               42.0     9.5     40.8
MEAN            61.1               53.2     7.9     51.6
DAYS MAX >= 90     0                0.0     0.0        0
DAYS MAX <= 32     0                0.0     0.0        0
DAYS MIN <= 32     0                4.3    -4.3        6
DAYS MIN <= 0      0                0.0     0.0        0

PRECIPITATION (INCHES)
RECORD
 MAXIMUM       16.15   1897
 MINIMUM        1.26
TOTALS          9.05               4.76    4.29     3.05
DAILY AVG.      0.29               0.15    0.14
DAYS >= .01       18               10.1     7.9        9
DAYS >= .10       12                6.8     5.2        8
DAYS >= .50        6                3.4     2.6        1
DAYS >= 1.00       3                1.2     1.8        1
GREATEST
 24 HR. TOTAL   2.29   03/24 TO 03/24               1.14

SNOWFALL (INCHES)
RECORDS
 TOTAL           5.0   1968
 24 HR TOTAL     5.0   03/22/1968 TO 03/22/1968
TOTALS           0.0                0.4    -0.4      0.0
SINCE 7/1        0.2                2.2    -2.0       MM
DAYS >= TRACE      0                0.2    -0.2
DAYS >= 1.0        0                0.2    -0.2
GREATEST
 24 HR TOTAL     0.0                                  MM

DEGREE DAYS
HEATING TOTAL    164                378    -214      408
 SINCE 7/1      2197               2913    -716       MM
COOLING TOTAL     50                 12      38        3
 SINCE 1/1        51                 13      38       MM

FREEZE DATES
RECORD
 EARLIEST     10/03/1908
 LATEST       05/02/1909
EARLIEST                        11/01
LATEST                          03/20
..............................................................

WIND (MPH)
AVERAGE WIND SPEED              7.3
HIGHEST WIND SPEED/DIRECTION    32/290    DATE  03/28
HIGHEST GUST SPEED/DIRECTION    43/300    DATE  03/28

SKY COVER
POSSIBLE SUNSHINE (PERCENT)   MM


WEATHER CONDITIONS. NUMBER OF DAYS WITH
THUNDERSTORM              9     MIXED PRECIP               0
HEAVY RAIN               10     RAIN                      14
LIGHT RAIN               19     FREEZING RAIN              0
LT FREEZING RAIN          0     HAIL                       0
HEAVY SNOW                0     SNOW                       0
LIGHT SNOW                0     SLEET                      0
FOG                      19     FOG W/VIS <= 1/4 MILE      1

-  INDICATES NEGATIVE NUMBERS.
R  INDICATES RECORD WAS SET OR TIED.
MM INDICATES DATA IS MISSING.
T  INDICATES TRACE AMOUNT.

$$


USA.gov is the U.S. government's official web portal to all federal, state and local government web resources and services.
  • National Weather Service
  • WSO Pago Pago Weather Service Office
  • Pago Pago, AS
  • (684) 699-9130
  • Page Author: PPG Webmaster
  • Incorrect Region Format!
  • Web Master's E-mail:
  • Page last modified: Mar 10th, 2020 21:02 UTC