000
CXUS55 KMSO 010914
CLMMSO

CLIMATE REPORT
NATIONAL WEATHER SERVICE MISSOULA MT
214 AM MST SUN MAR 01 2020

...................................

...THE MISSOULA MT CLIMATE SUMMARY FOR THE MONTH OF FEBRUARY 2020...

CLIMATE NORMAL PERIOD 1981 TO 2010
CLIMATE RECORD PERIOD 1893 TO 2020

WEATHER         OBSERVED          NORMAL  DEPART   LAST YEAR`S
                VALUE   DATE(S)   VALUE   FROM     VALUE
                                          NORMAL
..............................................................
TEMPERATURE (F)
RECORD
 HIGH             66   02/24/1995
 LOW             -28   02/10/1933
HIGHEST           60   02/01         MM      MM       40
LOWEST             6   02/20         MM      MM       -4
AVG. MAXIMUM    39.1               38.8     0.3     24.5
AVG. MINIMUM    22.0               21.2     0.8     10.1
MEAN            30.5               30.0     0.5     17.3
DAYS MAX >= 90     0                0.0     0.0        0
DAYS MAX <= 32     6                4.9     1.1       20
DAYS MIN <= 32    28               25.1     2.9       28
DAYS MIN <= 0      0                1.6    -1.6        4

PRECIPITATION (INCHES)
RECORD
 MAXIMUM        2.67   1936
 MINIMUM        0.08   1934
TOTALS          1.06               0.70    0.36     1.54
DAILY AVG.      0.04                NAN     NAN     0.05
DAYS >= .01       15                9.4     5.6       18
DAYS >= .10        4                2.3     1.7        5
DAYS >= .50        0                0.0     0.0        0
DAYS >= 1.00       0                0.0     0.0        0
GREATEST
 24 HR. TOTAL   0.22   02/16 TO 02/17               0.29

SNOWFALL (INCHES)
TOTALS          12.9                6.1     6.8     26.1
SINCE 7/1       31.7               31.4     0.3       MM
DAYS >= TRACE     20                6.8    13.2       25
DAYS >= 1.0        5                2.1     2.9        8
GREATEST
 SNOW DEPTH        5                                  16
 24 HR TOTAL      MM                                 8.6

DEGREE DAYS
HEATING TOTAL    994                980      14
 SINCE 7/1      5209               5431    -222
COOLING TOTAL      0                  0       0
 SINCE 1/1         0                  0       0
..............................................................

WIND (MPH)
AVERAGE WIND SPEED              4.0
HIGHEST WIND SPEED/DIRECTION    41/270    DATE  02/01
HIGHEST GUST SPEED/DIRECTION    56/280    DATE  02/01

SKY COVER
POSSIBLE SUNSHINE (PERCENT)   MM
AVERAGE SKY COVER           0.66
NUMBER OF DAYS FAIR            6
NUMBER OF DAYS PC              8
NUMBER OF DAYS CLOUDY         15

AVERAGE RH (PERCENT)     72

WEATHER CONDITIONS. NUMBER OF DAYS WITH
THUNDERSTORM              0     MIXED PRECIP               0
HEAVY RAIN                0     RAIN                       0
LIGHT RAIN                3     FREEZING RAIN              0
LT FREEZING RAIN          0     HAIL                       0
HEAVY SNOW                1     SNOW                       5
LIGHT SNOW               17     SLEET                      0
FOG                      20     FOG W/VIS <= 1/4 MILE      5
HAZE                      4

-  INDICATES NEGATIVE NUMBERS.
R  INDICATES RECORD WAS SET OR TIED.
MM INDICATES DATA IS MISSING.
T  INDICATES TRACE AMOUNT.

$$



USA.gov is the U.S. government's official web portal to all federal, state and local government web resources and services.
  • National Weather Service
  • WSO Pago Pago Weather Service Office
  • Pago Pago, AS
  • (684) 699-9130
  • Page Author: PPG Webmaster
  • Incorrect Region Format!
  • Web Master's E-mail:
  • Page last modified: Mar 10th, 2020 21:02 UTC