000
CXUS53 KMPX 010731
CLMMSP

CLIMATE REPORT
NATIONAL WEATHER SERVICE TWIN CITIES/CHANHASSEN MN
231 AM CDT WED APR 01 2020

...................................

...THE TWIN CITIES MN CLIMATE SUMMARY FOR THE MONTH OF MARCH 2020...

CLIMATE NORMAL PERIOD: 1981 TO 2010
CLIMATE RECORD PERIOD: 1871 TO 2020

WEATHER         OBSERVED          NORMAL  DEPART   LAST YEAR`S
                VALUE   DATE(S)   VALUE   FROM     VALUE DATE(S)
                                          NORMAL
................................................................
TEMPERATURE (F)
RECORD
 HIGH             83   03/29/1986
                       03/30/1968
                       03/23/1910
 LOW             -27   03/11/1948
HIGHEST           61   03/08         55       6       64  03/27
LOWEST            20   03/20          9      11      -13  03/03
                       03/21
AVG. MAXIMUM    45.2               41.3     3.9     37.2
AVG. MINIMUM    30.1               24.3     5.8     19.8
MEAN            37.7               32.8     4.9     28.5
DAYS MAX >= 90     0                0.0     0.0        0
DAYS MAX <= 32     0                5.9    -5.9        9
DAYS MIN <= 32    22               23.8    -1.8       26
DAYS MIN <= 0      0                1.0    -1.0        3

PRECIPITATION (INCHES)
RECORD
 MAXIMUM        4.75   1965
 MINIMUM        0.09   1910
TOTALS          2.41               1.89    0.52     2.00
DAILY AVG.      0.08               0.06    0.02     0.06
DAYS >= .01       10                9.3     0.7        7
DAYS >= .10        5                4.8     0.2        5
DAYS >= .50        1                0.9     0.1        2
DAYS >= 1.00       1                0.2     0.8        0
GREATEST
 24 HR. TOTAL   1.29   03/28 TO 03/29

SNOWFALL (INCHES)
RECORDS
 TOTAL          40.0   5
TOTALS           1.3               10.3    -9.0     10.5
SINCE 7/1       44.2               52.0    -7.8       MM
SNOWDEPTH AVG.     0                                   8
DAYS >= 1.0        0                2.7    -2.7        3
GREATEST
 SNOW DEPTH        4                                  21  03/02
 24 HR TOTAL      MM

DEGREE DAYS
HEATING TOTAL    842                998    -156     1123
 SINCE 7/1      6425               6789    -364     7153
COOLING TOTAL      0                  0       0        0
 SINCE 1/1         0                  0       0        0
................................................................

WIND (MPH)
AVERAGE WIND SPEED              9.6
HIGHEST WIND SPEED/DIRECTION    30/340    DATE  03/05
HIGHEST GUST SPEED/DIRECTION    47/320    DATE  03/12

SKY COVER
POSSIBLE SUNSHINE (PERCENT)   MM
AVERAGE SKY COVER           0.65
NUMBER OF DAYS FAIR            6
NUMBER OF DAYS PC             11
NUMBER OF DAYS CLOUDY         14

AVERAGE RH (PERCENT)     65

WEATHER CONDITIONS. NUMBER OF DAYS WITH
THUNDERSTORM              1     MIXED PRECIP               0
HEAVY RAIN                1     RAIN                       3
LIGHT RAIN               10     FREEZING RAIN              0
LT FREEZING RAIN          0     HAIL                       0
HEAVY SNOW                0     SNOW                       0
LIGHT SNOW                9     SLEET                      0
FOG                      14     FOG W/VIS <= 1/4 MILE      0
HAZE                      5

-  INDICATES NEGATIVE NUMBERS.
R  INDICATES RECORD WAS SET OR TIED.
MM INDICATES DATA IS MISSING.
T  INDICATES TRACE AMOUNT.

$$


USA.gov is the U.S. government's official web portal to all federal, state and local government web resources and services.
  • National Weather Service
  • WSO Pago Pago Weather Service Office
  • Pago Pago, AS
  • (684) 699-9130
  • Page Author: PPG Webmaster
  • Incorrect Region Format!
  • Web Master's E-mail:
  • Page last modified: Mar 10th, 2020 21:02 UTC