000
CXUS51 KBTV 011448
CLMMSS

CLIMATE REPORT
NATIONAL WEATHER SERVICE BURLINGTON VT
948 AM EST SUN MAR 01 2020

...................................

...THE MASSENA NY CLIMATE SUMMARY FOR THE MONTH OF FEBRUARY 2020...

CLIMATE NORMAL PERIOD: 1981 TO 2010
CLIMATE RECORD PERIOD: 1948 TO 2020

WEATHER         OBSERVED          NORMAL  DEPART   LAST YEAR`S
                VALUE   DATE(S)   VALUE   FROM     VALUE DATE(S)
                                          NORMAL
................................................................
TEMPERATURE (F)
RECORD
 HIGH             63
 LOW             -38
HIGHEST           48   02/24         MM      MM       50  02/08
LOWEST           -24   02/09         MM      MM      -14  02/27
AVG. MAXIMUM    29.6               28.0     1.6     27.4
AVG. MINIMUM     7.2                7.4    -0.2      7.0
MEAN            18.4               17.7     0.7     17.2
DAYS MAX >= 90     0                0.0     0.0        0
DAYS MAX <= 32    13               18.0    -5.0       20
DAYS MIN <= 32    25               26.7    -1.7       28
DAYS MIN <= 0      8                8.8    -0.8        8

PRECIPITATION (INCHES)
RECORD
 MAXIMUM        5.58   1971
 MINIMUM        0.11   2007
TOTALS          1.21               1.77   -0.56     1.58
DAILY AVG.      0.04                NAN     NAN     0.06
DAYS >= .01        7               11.4    -4.4       11
DAYS >= .10        3                5.5    -2.5        4
DAYS >= .50        1                0.6     0.4        0
DAYS >= 1.00       0                0.1    -0.1        0
GREATEST
 24 HR. TOTAL   0.66   02/26 TO 02/27               0.42  02/24 TO 02/24
 STORM TOTAL    0.64                                  MM
 (MM/DD(HH))            MM


DEGREE DAYS
HEATING TOTAL   1160               1324    -164     1328
 SINCE 7/1      5623               6074    -451     5969
COOLING TOTAL      0                  0       0        0
 SINCE 1/1         0                  0       0        0
................................................................

WIND (MPH)
AVERAGE WIND SPEED              8.8
HIGHEST WIND SPEED/DIRECTION    32/220    DATE  02/27
HIGHEST GUST SPEED/DIRECTION    46/220    DATE  02/27

SKY COVER
POSSIBLE SUNSHINE (PERCENT)   MM
AVERAGE SKY COVER           0.59
NUMBER OF DAYS FAIR            8
NUMBER OF DAYS PC              9
NUMBER OF DAYS CLOUDY         12

AVERAGE RH (PERCENT)     70

WEATHER CONDITIONS. NUMBER OF DAYS WITH
THUNDERSTORM              0     MIXED PRECIP               0
HEAVY RAIN                1     RAIN                       1
LIGHT RAIN                2     FREEZING RAIN              0
LT FREEZING RAIN          1     HAIL                       0
HEAVY SNOW                0     SNOW                       3
LIGHT SNOW               15     SLEET                      0
FOG                      13     FOG W/VIS <= 1/4 MILE      5
HAZE                      8

-  INDICATES NEGATIVE NUMBERS.
R  INDICATES RECORD WAS SET OR TIED.
MM INDICATES DATA IS MISSING.
T  INDICATES TRACE AMOUNT.

$$


USA.gov is the U.S. government's official web portal to all federal, state and local government web resources and services.
  • National Weather Service
  • WSO Pago Pago Weather Service Office
  • Pago Pago, AS
  • (684) 699-9130
  • Page Author: PPG Webmaster
  • Incorrect Region Format!
  • Web Master's E-mail:
  • Page last modified: Mar 10th, 2020 21:02 UTC