000
CXUS52 KKEY 012138
CLMMTH


CLIMATE REPORT
NATIONAL WEATHER SERVICE KEY WEST, FL
438 PM EST SUN MAR 1 2020

...................................

...THE MARATHON CLIMATE SUMMARY FOR THE MONTH OF FEBRUARY 2020...

CLIMATE NORMAL PERIOD 1981 TO 2010
CLIMATE RECORD PERIOD 1950 TO 2020

WEATHER         OBSERVED          NORMAL  DEPART  LAST YEAR`S
                 VALUE   DATE(S)  VALUE   FROM    VALUE  DATE(S)
                                          NORMAL
................................................................
TEMPERATURE (F)
RECORD
 HIGH              89   02/24/2019
 LOW               40   02/04/1996
                        02/24/1989
HIGHEST            87   02/19                         89  02/24
LOWEST             57   02/03                         64  02/14
AVG. MAXIMUM     80.2              76.9     3.3     84.7
AVG. MINIMUM     68.9              66.3     2.6     73.9
MEAN             74.6              71.6     3.0     79.3
DAYS MAX >= 90      0               0.0     0.0        0
DAYS MAX <= 32      0               0.0     0.0        0
DAYS MIN <= 32      0               0.0     0.0        0
DAYS MIN <= 0       0               0.0     0.0        0

PRECIPITATION (INCHES)
RECORD
 MAXIMUM         6.39   1998
 MINIMUM            T   1955
TOTALS           1.26              2.21   -0.95     2.58
DAILY AVG.       0.04                               0.09
DAYS >= .01         8                                  4
DAYS >= .10         4                                  1
DAYS >= .50         1                                  1
DAYS >= 1.00        0                                  1
GREATEST
 24 HR. TOTAL    1.05   01/31 TO 02/01

SNOWFALL (INCHES)
TOTALS            0.0               0.0     0.0      0.0
SINCE 7/1         0.0               0.0     0.0      0.0

DEGREE_DAYS
HEATING TOTAL       4                16     -12        0
 SINCE 7/1         20                75     -55       18
COOLING TOTAL     288               201      87      409
 SINCE 1/1        538               382     156      648
.................................................................

WIND (MPH)
AVERAGE WIND SPEED              9.8
HIGHEST WIND SPEED/DIRECTION    26/330    DATE  02/26
HIGHEST GUST SPEED/DIRECTION    37/330    DATE  02/26

SKY COVER
POSSIBLE SUNSHINE (PERCENT)   MM
AVERAGE SKY COVER           0.30
NUMBER OF DAYS FAIR           16
NUMBER OF DAYS PC             11
NUMBER OF DAYS CLOUDY          2

AVERAGE RH (PERCENT)     73

WEATHER CONDITIONS. NUMBER OF DAYS WITH
THUNDERSTORM              1     MIXED PRECIP                0
HEAVY RAIN                2     RAIN                        4
LIGHT RAIN               12     FREEZING RAIN               0
LT FREEZING RAIN          0     HAIL                        0
HEAVY SNOW                0     SNOW                        0
LIGHT SNOW                0     SLEET                       0
FOG                       3     FOG W/VIS <= 1/4 MILE       0
HAZE                      0

-  INDICATES NEGATIVE NUMBERS.
R  INDICATES RECORD WAS SET OR TIED.
MM INDICATES DATA IS MISSING.
T  INDICATES TRACE AMOUNT.

$$

MARATHON DAILY RECORDS, FEBRUARY 2020 AND YEAR-TO-DATE

Record                    Feb 2020   2020 YTD
======                    ========   ========
Maximum Temperature           2          3
Cool Maximum Temperature      0          0
Warm Minimum Temperature      2          5
Minimum Temperature           0          0
Rainfall                      0          1


TOP 10 WARMEST MONTHLY AVERAGE TEMPERATURES FOR FEBRUARY

RANKING    YEAR    AVERAGE (DEG F)
=======    ====    ===============
   1       2019         79.3
   2       2018         77.6
   3       2009         77.1
   4       1959         77.0
   5       2014         76.3
   6       2017         76.2
   7       2001         75.8
   8       2020         74.6
   9       2012         74.5
           1990         74.5

ROSS




USA.gov is the U.S. government's official web portal to all federal, state and local government web resources and services.
  • National Weather Service
  • WSO Pago Pago Weather Service Office
  • Pago Pago, AS
  • (684) 699-9130
  • Page Author: PPG Webmaster
  • Incorrect Region Format!
  • Web Master's E-mail:
  • Page last modified: Mar 10th, 2020 21:02 UTC