000
CXUS53 KILX 012138 RRB
CLMMTO

CLIMATE REPORT
NATIONAL WEATHER SERVICE LINCOLN IL
244 PM CST SUN MAR 1 2020

...................................

...THE MATTOON IL AIRPORT CLIMATE SUMMARY FOR THE MONTH OF FEBRUARY 2020...

CLIMATE NORMAL PERIOD 1981 TO 2010
CLIMATE RECORD PERIOD 9999 TO 9999

WEATHER         OBSERVED          NORMAL  DEPART  LAST YEAR`S
                 VALUE   DATE(S)  VALUE   FROM    VALUE
                                          NORMAL
.............................................................
TEMPERATURE (F)
RECORD
 HIGH              MM   MM
 LOW               MM   MM
HIGHEST            66   02/03        MM      MM       58
LOWEST                  02/14        MM      MM       10
AVG. MAXIMUM     40.8              39.7     1.1     40.5
AVG. MINIMUM     25.8              24.0     1.8     24.5
MEAN             33.3              31.8     1.5     32.5
DAYS MAX >= 90      0               0.0     0.0        0
DAYS MAX <= 32      5               6.9    -1.9        6
DAYS MIN <= 32     22              22.2    -0.2       25
DAYS MIN <= 0       1               0.3     0.7        0

PRECIPITATION (INCHES)
RECORD
 MAXIMUM           MM   MM
 MINIMUM           MM   MM
TOTALS           1.17              1.77   -0.60     1.46
DAILY AVG.       0.04                MM      MM     0.05
DAYS >= .01         9                MM      MM       10
DAYS >= .10         4                MM      MM        5
DAYS >= .50         0                MM      MM        0
DAYS >= 1.00        0                MM      MM        0
GREATEST
 24 HR. TOTAL    0.43   02/09 TO 02/09              0.43

DEGREE_DAYS
HEATING TOTAL     911               928     -17      907
 SINCE 7/1       3887              4232    -345     4259
COOLING TOTAL       0                 0       0        0
 SINCE 1/1          0                 0       0        0
..............................................................

WIND (MPH)
AVERAGE WIND SPEED              10.7
HIGHEST WIND SPEED/DIRECTION    28/330    DATE  02/26
HIGHEST GUST SPEED/DIRECTION    42/150    DATE  02/09

AVERAGE RH (PERCENT)     76

WEATHER CONDITIONS. NUMBER OF DAYS WITH
THUNDERSTORM              0     MIXED PRECIP               0
HEAVY RAIN                2     RAIN                       7
LIGHT RAIN               11     FREEZING RAIN              1
LT FREEZING RAIN          3     HAIL                       0
HEAVY SNOW                0     SNOW                       2
LIGHT SNOW               11     SLEET                      0
FOG                      17     FOG W/VIS <= 1/4 MILE      1
HAZE                      6

-  INDICATES NEGATIVE NUMBERS.
R  INDICATES RECORD WAS SET OR TIED.
MM INDICATES DATA IS MISSING.
T  INDICATES TRACE AMOUNT.

$$


USA.gov is the U.S. government's official web portal to all federal, state and local government web resources and services.
  • National Weather Service
  • WSO Pago Pago Weather Service Office
  • Pago Pago, AS
  • (684) 699-9130
  • Page Author: PPG Webmaster
  • Incorrect Region Format!
  • Web Master's E-mail:
  • Page last modified: Mar 10th, 2020 21:02 UTC