000
CXUS51 KBTV 011407
CLMMVL

CLIMATE REPORT
NATIONAL WEATHER SERVICE BURLINGTON VT
1007 AM EDT WED APR 01 2020

...................................

...THE MORRISVILLE VT CLIMATE SUMMARY FOR THE MONTH OF MARCH 2020...

CLIMATE NORMAL PERIOD: 1981 TO 2010
CLIMATE RECORD PERIOD: 9999 TO 9999

WEATHER         OBSERVED          NORMAL  DEPART   LAST YEAR`S
                VALUE   DATE(S)   VALUE   FROM     VALUE DATE(S)
                                          NORMAL
................................................................
TEMPERATURE (F)
RECORD
 HIGH             82
 LOW             -21
HIGHEST           65   03/20         MM      MM       59  03/15
LOWEST             0   03/01         MM      MM       -9  03/01
AVG. MAXIMUM    43.4               39.5     3.9     37.1
AVG. MINIMUM    22.9               17.8     5.1     13.2
MEAN            33.2               28.6     4.6     25.1
DAYS MAX >= 90     0                0.0     0.0        0
DAYS MAX <= 32     3                7.1    -4.1        9
DAYS MIN <= 32    24               28.7    -4.7       30
DAYS MIN <= 0      1                2.7    -1.7        5

PRECIPITATION (INCHES)
RECORD
 MAXIMUM          MM   MM
 MINIMUM          MM   MM
TOTALS          2.60               1.67    0.93     1.23
DAILY AVG.      0.08               0.05    0.03     0.04
DAYS >= .01       12                 MM      MM       12
DAYS >= .10        8                 MM      MM        2
DAYS >= .50        1                 MM      MM        1
DAYS >= 1.00       0                 MM      MM        0
GREATEST
 24 HR. TOTAL   0.56   03/29 TO 03/30               0.59  03/22 TO 03/22
 STORM TOTAL    0.54                                  MM
 (MM/DD(HH))            MM


DEGREE DAYS
HEATING TOTAL    982               1127    -145     1229
 SINCE 7/1      6750               7086    -336     7388
COOLING TOTAL      0                  0       0        0
 SINCE 1/1         0                  0       0        0
................................................................

WIND (MPH)
AVERAGE WIND SPEED              5.7
HIGHEST WIND SPEED/DIRECTION    25/180    DATE  03/16
                                25/200          03/29
HIGHEST GUST SPEED/DIRECTION    40/310    DATE  03/04
                                40/210          03/29

SKY COVER
POSSIBLE SUNSHINE (PERCENT)   MM
AVERAGE SKY COVER           0.61
NUMBER OF DAYS FAIR            6
NUMBER OF DAYS PC             13
NUMBER OF DAYS CLOUDY         12

AVERAGE RH (PERCENT)     67

WEATHER CONDITIONS. NUMBER OF DAYS WITH
THUNDERSTORM              0     MIXED PRECIP               0
HEAVY RAIN                1     RAIN                       3
LIGHT RAIN               11     FREEZING RAIN              1
LT FREEZING RAIN          1     HAIL                       0
HEAVY SNOW                1     SNOW                       1
LIGHT SNOW               11     SLEET                      0
FOG                      16     FOG W/VIS <= 1/4 MILE      3
HAZE                      2

-  INDICATES NEGATIVE NUMBERS.
R  INDICATES RECORD WAS SET OR TIED.
MM INDICATES DATA IS MISSING.
T  INDICATES TRACE AMOUNT.

$$


USA.gov is the U.S. government's official web portal to all federal, state and local government web resources and services.
  • National Weather Service
  • WSO Pago Pago Weather Service Office
  • Pago Pago, AS
  • (684) 699-9130
  • Page Author: PPG Webmaster
  • Incorrect Region Format!
  • Web Master's E-mail:
  • Page last modified: Mar 10th, 2020 21:02 UTC