000
CXUS51 KOKX 011550
CLMNYC

NYCCLMNYC 000
TTAA00 KOKX 011125


CLIMATE REPORT
NATIONAL WEATHER SERVICE NEW YORK NY
725 AM EDT WED APR 1 2020

...................................

...THE CENTRAL PARK NY CLIMATE SUMMARY FOR THE MONTH OF MARCH 2020...

CLIMATE NORMAL PERIOD 1981 TO 2010
CLIMATE RECORD PERIOD 1869 TO 2020

WEATHER         OBSERVED          NORMAL  DEPART  LAST YEAR`S
                 VALUE   DATE(S)  VALUE   FROM    VALUE  DATE(S)
                                          NORMAL
................................................................
TEMPERATURE (F)
RECORD
 HIGH              86   03/31/1998
                        03/29/1945
 LOW                3   03/05/1872
HIGHEST            77   03/20        MM      MM       75  03/15
LOWEST             25   03/01        MM      MM       18  03/07
AVG. MAXIMUM     55.1              49.7     5.4     48.7
AVG. MINIMUM     40.9              35.2     5.7     34.7
MEAN             48.0              42.5     5.5     41.7
DAYS MAX >= 90      0               0.0     0.0        0
DAYS MAX <= 32      0               0.8    -0.8        3
DAYS MIN <= 32      1               9.7    -8.7        9
DAYS MIN <= 0       0               0.0     0.0        0

PRECIPITATION (INCHES)
RECORD
 MAXIMUM        10.69   2010
 MINIMUM         0.80   2006
TOTALS           3.78              4.36   -0.58     3.87
DAILY AVG.       0.12              0.14   -0.02     0.12
DAYS >= .01        12              10.9     1.1        9
DAYS >= .10         7               7.1    -0.1        8
DAYS >= .50         2               2.7    -0.7        5
DAYS >= 1.00        1               1.0     0.0        0
GREATEST
 24 HR. TOTAL    1.16   03/23 TO 03/23           03/21 TO 03/21
                                                          03/02 TO 03/02EATHER         OBSERVED          NORMAL  DEPART  LAST YEAR`S
                                                          03/02 TO 03/02EATHER         OBSERVED          NORMAL  DEPART  LAST YEAR`S
 STORM TOTAL       MM                                 MM
 (MM/DD(HH))            MM                    03/21(00) TO 03/21(00)
                                                 03/02(00) TO 03/02(00)2EATHER         OBSERVED          NORMAL  DEPART  LAST YEAR`S
                                                 03/02(00) TO 03/02(00)2EATHER         OBSERVED          NORMAL  DEPART  LAST YEAR`S

SNOWFALL (INCHES)
TOTALS              T               3.9    -3.9     10.4
 LIQUID EQUIV      MM              0.40      MM     1.04
SINCE 7/1         4.8              25.2   -20.4     20.5
 LIQUID 7/1      0.48              2.50   -2.02     2.05
SNOWDEPTH AVG.      0                MM      MM        0
DAYS >= TRACE       1               1.8    -0.8        5
DAYS >= 1.0         0               1.1    -1.1        4
GREATEST
 SNOW DEPTH         0   MM                             4  03/04
                                                          03/02
 24 HR TOTAL        T   03/23 TO 03/23           03/02 TO 03/02
                                                          03/02 TO 03/02EATHER         OBSERVED          NORMAL  DEPART  LAST YEAR`S
                                                          03/02 TO 03/02EATHER         OBSERVED          NORMAL  DEPART  LAST YEAR`S
 STORM TOTAL       MM                                 MM
 (MM/DD(HH))            MM                    03/02(00) TO 03/02(00)
                                                 03/02(00) TO 03/02(00)2EATHER         OBSERVED          NORMAL  DEPART  LAST YEAR`S
                                                 03/02(00) TO 03/02(00)2EATHER         OBSERVED          NORMAL  DEPART  LAST YEAR`S

DEGREE_DAYS
HEATING TOTAL     519               700    -181      715
 SINCE 7/1       3656              4222    -566     4190
COOLING TOTAL       0                 1      -1        0
 SINCE 1/1          0                 1      -1        0
.................................................................

WIND (MPH)
AVERAGE WIND SPEED              6.9
HIGHEST WIND SPEED/DIRECTION    22/050    DATE  03/25
HIGHEST GUST SPEED/DIRECTION    35/280    DATE  03/04

AVERAGE RH (PERCENT)     56

WEATHER CONDITIONS. NUMBER OF DAYS WITH
THUNDERSTORM              0     MIXED PRECIP               0
HEAVY RAIN                4     RAIN                       7
LIGHT RAIN               15     FREEZING RAIN              0
LT FREEZING RAIN          0     HAIL                       0
HEAVY SNOW                0     SNOW                       0
LIGHT SNOW                1     SLEET                      0
FOG                      12     FOG W/VIS <= 1/4 MILE      0
HAZE                      3

-  INDICATES NEGATIVE NUMBERS.
R  INDICATES RECORD WAS SET OR TIED.
MM INDICATES DATA IS MISSING.
T  INDICATES TRACE AMOUNT.

$$


USA.gov is the U.S. government's official web portal to all federal, state and local government web resources and services.
  • National Weather Service
  • WSO Pago Pago Weather Service Office
  • Pago Pago, AS
  • (684) 699-9130
  • Page Author: PPG Webmaster
  • Incorrect Region Format!
  • Web Master's E-mail:
  • Page last modified: Mar 10th, 2020 21:02 UTC