000
CXUS53 KOAX 011726
CLMOAX

CLIMATE REPORT
NATIONAL WEATHER SERVICE OMAHA NEBRASKA
1159 AM CDT WED APR 1 2020

...................................

...THE VALLEY  NWS, NEBRASKA CLIMATE SUMMARY FOR THE MONTH OF MARCH 2020...

CLIMATE NORMAL PERIOD 1981 TO 2010
CLIMATE RECORD PERIOD 1997 TO 2020

WEATHER         OBSERVED          NORMAL  DEPART  LAST YEAR`S
                 VALUE   DATE(S)  VALUE   FROM    VALUE
                                          NORMAL
.............................................................
TEMPERATURE (F)
HIGHEST            73   03/08
LOWEST             17   03/20
AVG. MAXIMUM     53.5              48.6     4.9
AVG. MINIMUM     34.0              28.0     6.0
MEAN             43.8              38.3     5.5
DAYS MAX >= 90      0
DAYS MAX <= 32      1
DAYS MIN <= 32     12
DAYS MIN <= 0       0

PRECIPITATION (INCHES)
TOTALS           1.91
DAYS >= .01        11
DAYS >= .10         5
DAYS >= .50         0
DAYS >= 1.00        0
GREATEST
 24 HR. TOTAL    0.53   03/13 TO 03/14

SNOWFALL (INCHES)
TOTALS            3.8                                6.2
 LIQUID EQUIV    0.38
SINCE 7/1        16.7
SNOWDEPTH AVG.      0
DAYS >= TRACE       7
DAYS >= 1.0         1
GREATEST
 SNOW DEPTH         2
 24 HR TOTAL      3.1
 STORM TOTAL       MM
 (MM/DD(HH))

DEGREE_DAYS
HEATING TOTAL     650
 SINCE 7/1       5134
COOLING TOTAL       0
 SINCE 1/1          0
..............................................................

WIND (MPH)
HIGHEST WIND SPEED/DIRECTION    MM               MM
HIGHEST GUST SPEED/DIRECTION    46/MM


WEATHER CONDITIONS. NUMBER OF DAYS WITH
THUNDERSTORM              2     MIXED PRECIP               1
HEAVY RAIN                2     RAIN                       4
LIGHT RAIN               15     FREEZING RAIN              0
LT FREEZING RAIN          0     HAIL                       0
HEAVY SNOW                0     SNOW                       2
LIGHT SNOW                7     SLEET                      2
FOG                      10     FOG W/VIS <= 1/4 MILE      1
HAZE                      0

-  INDICATES NEGATIVE NUMBERS.
R  INDICATES RECORD WAS SET OR TIED.
MM INDICATES DATA IS MISSING.
T  INDICATES TRACE AMOUNT.

$$
TSN



USA.gov is the U.S. government's official web portal to all federal, state and local government web resources and services.
  • National Weather Service
  • WSO Pago Pago Weather Service Office
  • Pago Pago, AS
  • (684) 699-9130
  • Page Author: PPG Webmaster
  • Incorrect Region Format!
  • Web Master's E-mail:
  • Page last modified: Mar 10th, 2020 21:02 UTC