000
CXUS53 KOAX 011729 RRA
CLMOFK

CLIMATE REPORT
NATIONAL WEATHER SERVICE OMAHA NEBRASKA
1159 AM CDT WED APR 1 2020

...................................

...THE NORFOLK CLIMATE SUMMARY FOR THE MONTH OF MARCH 2020...

CLIMATE NORMAL PERIOD 1981 TO 2010
CLIMATE RECORD PERIOD 1888 TO 2020

WEATHER         OBSERVED          NORMAL  DEPART
                 VALUE   DATE(S)  VALUE   FROM
                                          NORMAL
................................................
TEMPERATURE (F)
HIGHEST            73   03/08
                        03/07
LOWEST             13   03/20
AVG. MAXIMUM     51.3              48.6     2.7
AVG. MINIMUM     30.5              26.2     4.3
MEAN             40.9              37.4     3.5
DAYS MAX >= 90      0
DAYS MAX <= 32      2
DAYS MIN <= 32     20
DAYS MIN <= 0       0

PRECIPITATION (INCHES)
RECORD
 MAXIMUM         7.27   1987
 MINIMUM            T   1910
TOTALS           3.01              1.77    1.24
DAILY AVG.       0.10
DAYS >= .01         7
DAYS >= .10         4
DAYS >= .50         2
DAYS >= 1.00        2
GREATEST
 24 HR. TOTAL    1.21   03/28 TO 03/28

SNOWFALL (INCHES)
RECORDS
 TOTAL           20.8   1960
TOTALS            5.2               5.1
SINCE 7/1        28.6
SNOWDEPTH AVG.      0                MM      MM
DAYS >= 1.0         2
GREATEST
 SNOW DEPTH         3   03/19
 24 HR TOTAL      3.0   03/19 TO 03/19

DEGREE_DAYS
HEATING TOTAL     740               856    -116
 SINCE 7/1       5659              5949    -290
COOLING TOTAL       0                 0       0
 SINCE 1/1          0                 0       0
.................................................

WIND (MPH)
AVERAGE WIND SPEED              12.2
HIGHEST WIND SPEED/DIRECTION    43/330    DATE  03/28
HIGHEST GUST SPEED/DIRECTION    57/320    DATE  03/28

SKY COVER
AVERAGE SKY COVER           0.60

                     WEATHER CONDITIONS. NUMBER OF DAYS WITH
THUNDERSTORM              1     MIXED PRECIP               0
HEAVY RAIN                2     RAIN                       3
LIGHT RAIN                5     FREEZING RAIN              1
LT FREEZING RAIN          1     HAIL                       0
HEAVY SNOW                0     SNOW                       1
LIGHT SNOW                4     SLEET                      0
FOG                      16     FOG W/VIS <= 1/4 MILE      2
HAZE                      4


-  INDICATES NEGATIVE NUMBERS.
R  INDICATES RECORD WAS SET OR TIED.
MM INDICATES DATA IS MISSING.
T  INDICATES TRACE AMOUNT.

$$
TSN


USA.gov is the U.S. government's official web portal to all federal, state and local government web resources and services.
  • National Weather Service
  • WSO Pago Pago Weather Service Office
  • Pago Pago, AS
  • (684) 699-9130
  • Page Author: PPG Webmaster
  • Incorrect Region Format!
  • Web Master's E-mail:
  • Page last modified: Mar 10th, 2020 21:02 UTC