000
CXUS53 KEAX 010645 RRA
CLMOJC

CLIMATE REPORT
NATIONAL WEATHER SERVICE
139 AM CDT WED APR 01 2020

...................................

...THE JOHNSON COUNTY EXECUTIVE KS CLIMATE SUMMARY FOR THE MONTH OF MARCH 2020...

CLIMATE NORMAL PERIOD: 1981 TO 2010
CLIMATE RECORD PERIOD: 9999 TO 9999

WEATHER         OBSERVED          NORMAL  DEPART   LAST YEAR`S
                VALUE   DATE(S)   VALUE   FROM     VALUE DATE(S)
                                          NORMAL
................................................................
TEMPERATURE (F)
HIGHEST           74   03/28         77      -3       70  03/27
LOWEST            24   03/21         16       8       -1  03/04
AVG. MAXIMUM    57.8               55.3     2.5     49.5
AVG. MINIMUM    39.5               34.5     5.0     31.3
MEAN            48.7               44.9     3.8     40.4
DAYS MAX >= 90     0                0.0     0.0        0
DAYS MAX <= 32     0                0.8    -0.8        4
DAYS MIN <= 32     4               12.8    -8.8       15
DAYS MIN <= 0      0                0.1    -0.1        1

PRECIPITATION (INCHES)
TOTALS          4.67               2.63    2.04     2.42
DAILY AVG.      0.15               0.08    0.07     0.08
DAYS >= .01       13                8.7     4.3        8
DAYS >= .10        8                5.2     2.8        5
DAYS >= .50        3                1.5     1.5        2
DAYS >= 1.00       2                0.5     1.5        0
GREATEST
 24 HR. TOTAL   1.95   03/26 TO 03/27


DEGREE DAYS
HEATING TOTAL    496                624    -128      755
 SINCE 7/1      4378               4518    -140     5036
COOLING TOTAL      0                  1      -1        0
 SINCE 1/1         0                  1      -1        0
................................................................

WIND (MPH)
AVERAGE WIND SPEED              9.3
HIGHEST WIND SPEED/DIRECTION    33/200    DATE  03/08
HIGHEST GUST SPEED/DIRECTION    52/210    DATE  03/28

SKY COVER
POSSIBLE SUNSHINE (PERCENT)   MM
AVERAGE SKY COVER           0.49
NUMBER OF DAYS FAIR           14
NUMBER OF DAYS PC              8
NUMBER OF DAYS CLOUDY          9

AVERAGE RH (PERCENT)     71

WEATHER CONDITIONS. NUMBER OF DAYS WITH
THUNDERSTORM              5     MIXED PRECIP               0
HEAVY RAIN                3     RAIN                       7
LIGHT RAIN               12     FREEZING RAIN              0
LT FREEZING RAIN          0     HAIL                       0
HEAVY SNOW                0     SNOW                       0
LIGHT SNOW                1     SLEET                      0
FOG                      18     FOG W/VIS <= 1/4 MILE      3
HAZE                      4

-  INDICATES NEGATIVE NUMBERS.
R  INDICATES RECORD WAS SET OR TIED.
MM INDICATES DATA IS MISSING.
T  INDICATES TRACE AMOUNT.

$$



USA.gov is the U.S. government's official web portal to all federal, state and local government web resources and services.
  • National Weather Service
  • WSO Pago Pago Weather Service Office
  • Pago Pago, AS
  • (684) 699-9130
  • Page Author: PPG Webmaster
  • Incorrect Region Format!
  • Web Master's E-mail:
  • Page last modified: Mar 10th, 2020 21:02 UTC