000
CXUS54 KOUN 011453
CLMOKC

CLIMATE REPORT
NATIONAL WEATHER SERVICE NORMAN OK
947 AM CDT WED APR 1 2020

...................................

...THE OKLAHOMA CITY CLIMATE SUMMARY FOR THE MONTH OF MARCH 2020...

CLIMATE NORMAL PERIOD 1981 TO 2010
CLIMATE RECORD PERIOD 1890 TO 2020

WEATHER         OBSERVED          NORMAL  DEPART  LAST YEAR`S
                 VALUE   DATE(S)  VALUE   FROM    VALUE
                                          NORMAL
.............................................................
TEMPERATURE (F)
RECORD
 HIGH              97   03/19/1907
 LOW                1   03/11/1948
HIGHEST            92                83       9       75
LOWEST             28                20       8        9
AVG. MAXIMUM     66.1              63.4     2.7     57.9
AVG. MINIMUM     44.7              41.0     3.7     36.3
MEAN             55.4              52.2     3.2     47.1
DAYS MAX >= 90      1               0.1     0.9        0
DAYS MAX <= 32      0               0.3    -0.3        2
DAYS MIN <= 32      2               5.2    -3.2        9
DAYS MIN <= 0       0               0.0     0.0        0

PRECIPITATION (INCHES)
RECORD
 MAXIMUM         8.02   2007
 MINIMUM         0.02   1911
                        1940
TOTALS           5.04              3.06    1.98     2.70
DAILY AVG.       0.16              0.10    0.06     0.09
DAYS >= .01        14               7.6     6.4        9
DAYS >= .10        12               5.1     6.9        5
DAYS >= .50         5               1.9     3.1        2
DAYS >= 1.00        0               1.1    -1.1        1
GREATEST
 24 HR. TOTAL    1.22   03/18 TO 03/19

SNOWFALL (INCHES)
TOTALS            0.0               0.9    -0.9
SINCE 7/1         4.7               7.6    -2.9

DEGREE_DAYS
HEATING TOTAL     310               409     -99      548
 SINCE 7/1       3189              3159      30     3703
COOLING TOTAL      22                12      10        0
 SINCE 1/1         22                13       9        0
..............................................................

WIND (MPH)
AVERAGE WIND SPEED              11.7
HIGHEST WIND SPEED/DIRECTION    36/320    DATE  03/20
HIGHEST GUST SPEED/DIRECTION    51/280    DATE  03/28


WEATHER CONDITIONS. NUMBER OF DAYS WITH
THUNDERSTORM              9     MIXED PRECIP               0
HEAVY RAIN                6     RAIN                       7
LIGHT RAIN               16     FREEZING RAIN              0
LT FREEZING RAIN          0     HAIL                       1
HEAVY SNOW                0     SNOW                       0
LIGHT SNOW                0     SLEET                      0
FOG                      17     FOG W/VIS <= 1/4 MILE      3
HAZE                      0

-  INDICATES NEGATIVE NUMBERS.
R  INDICATES RECORD WAS SET OR TIED.
MM INDICATES DATA IS MISSING.
T  INDICATES TRACE AMOUNT.
..................................................................
RECORDS/REMARKS
TIED RECORD DAILY RAINFALL OF 0.85 INCHES MARCH 17TH.
NEW RECORD MAX TEMPERATURE OF 92 DEGREES SET MARCH 26TH.
NINTH WETTEST MARCH ON RECORD.
THE JANUARY THROUGH MARCH 2019 TOTAL PRECIPITATION IS 8.83 INCHES.

$$



USA.gov is the U.S. government's official web portal to all federal, state and local government web resources and services.
  • National Weather Service
  • WSO Pago Pago Weather Service Office
  • Pago Pago, AS
  • (684) 699-9130
  • Page Author: PPG Webmaster
  • Incorrect Region Format!
  • Web Master's E-mail:
  • Page last modified: Mar 10th, 2020 21:02 UTC