000
CXAK59 PAFG 020008
CLMOME


CLIMATE REPORT
NATIONAL WEATHER SERVICE FAIRBANKS, AK
300 PM AKST SUN MAR 1 2020

...................................

...THE NOME AK CLIMATE SUMMARY FOR THE MONTH OF FEBRUARY 2020...

CLIMATE NORMAL PERIOD 1981 TO 2010
CLIMATE RECORD PERIOD 1906 TO 2020

WEATHER         OBSERVED          NORMAL  DEPART  LAST YEAR`S
                 VALUE   DATE(S)  VALUE   FROM    VALUE  DATE(S)
                                          NORMAL
................................................................
TEMPERATURE (F)
RECORD
 HIGH              48   02/13/1986
 LOW              -42   02/08/1978
                        02/07/1978
                        02/28/1971
HIGHEST            26   02/18        MM      MM       34  02/07
LOWEST            -34   02/07        MM      MM      -17  02/13
AVG. MAXIMUM      6.6              15.4    -8.8     26.8
AVG. MINIMUM    -10.2              -0.5    -9.7     15.5
MEAN             -1.8               7.4    -9.2     21.1
DAYS MAX >= 90      0               0.0     0.0        0
DAYS MAX <= 32     29              24.3     4.7       27
DAYS MIN <= 32     29              27.6     1.4       28
DAYS MIN <= 0      25              14.4    10.6        4

PRECIPITATION (INCHES)
RECORD
 MAXIMUM         4.44   1920
 MINIMUM            T   1979
                        1972
                        1961
TOTALS           0.84              0.93   -0.09     2.74
DAILY AVG.       0.03                MM      MM     0.10
DAYS >= .01        11               9.5     1.5       20
DAYS >= .10         5               3.5     1.5       11
DAYS >= .50         0               0.1    -0.1        0
DAYS >= 1.00        0               0.0     0.0        0
GREATEST
 24 HR. TOTAL    0.15   02/01 TO 02/01           02/26 TO 02/26

DEGREE_DAYS
HEATING TOTAL    1929              1611     318     1219
 SINCE 7/1       9325              9335     -10     8195
COOLING TOTAL       0                 0       0        0
 SINCE 1/1          0                 0       0        0
.................................................................

WIND (MPH)
AVERAGE WIND SPEED              8.7
HIGHEST WIND SPEED/DIRECTION    33/030    DATE  02/02
HIGHEST GUST SPEED/DIRECTION    42/040    DATE  02/02

SKY COVER
AVERAGE SKY COVER           0.50

-  INDICATES NEGATIVE NUMBERS.
R  INDICATES RECORD WAS SET OR TIED.
MM INDICATES DATA IS MISSING.
T  INDICATES TRACE AMOUNT.

$$




USA.gov is the U.S. government's official web portal to all federal, state and local government web resources and services.
  • National Weather Service
  • WSO Pago Pago Weather Service Office
  • Pago Pago, AS
  • (684) 699-9130
  • Page Author: PPG Webmaster
  • Incorrect Region Format!
  • Web Master's E-mail:
  • Page last modified: Mar 10th, 2020 21:02 UTC