000
CXUS56 KOTX 020135 CCA
CLMOMK

CLIMATE REPORT
NATIONAL WEATHER SERVICE SPOKANE, WA
442 AM PST SUN MAR 1 2020

...................................

...THE OMAK WA AIRPORT CLIMATE SUMMARY FOR THE MONTH OF FEBRUARY 2020...

CLIMATE NORMAL PERIOD 1981 TO 2010
CLIMATE RECORD PERIOD 9999 TO 9999

WEATHER         OBSERVED          NORMAL  DEPART  LAST YEAR`S
                 VALUE   DATE(S)  VALUE   FROM    VALUE  DATE(S)
                                          NORMAL
................................................................
TEMPERATURE (F)
RECORD
 HIGH              63   02/27/1932
 LOW              -26   02/01/1950
HIGHEST            58   02/28        MM      MM       39  02/21
LOWEST             18   02/20        MM      MM        5  02/07
                        02/04
AVG. MAXIMUM     45.7              40.3     5.4     28.9
AVG. MINIMUM     25.5              23.4     2.1     16.6
MEAN             35.6              31.8     3.8     22.7
DAYS MAX >= 90      0               0.0     0.0        0
DAYS MAX <= 32      2               3.0    -1.0       19
DAYS MIN <= 32     29              24.6     4.4       28
DAYS MIN <= 0       0               0.1    -0.1        0

PRECIPITATION (INCHES)
RECORD
 MAXIMUM         3.39   1940
 MINIMUM         0.04   1932
TOTALS           0.24              1.41   -1.17     0.28
DAILY AVG.       0.01                MM      MM     0.01
DAYS >= .01         3                MM      MM        8
DAYS >= .10         1                MM      MM        0
DAYS >= .50         0                MM      MM        0
DAYS >= 1.00        0                MM      MM        0
GREATEST
 24 HR. TOTAL    0.11   02/06 TO 02/06              0.09

DEGREE_DAYS
HEATING TOTAL     847               928     -81     1175
 SINCE 7/1       4575              4890    -315     4687
COOLING TOTAL       0                 0       0        0
 SINCE 1/1          0                 0       0        0
.................................................................

WIND (MPH)
AVERAGE WIND SPEED              5.7
HIGHEST WIND SPEED/DIRECTION    25/010    DATE  02/08
HIGHEST GUST SPEED/DIRECTION    42/320    DATE  02/25

SKY COVER
POSSIBLE SUNSHINE (PERCENT)   MM
AVERAGE SKY COVER           0.30
NUMBER OF DAYS FAIR           21
NUMBER OF DAYS PC              6
NUMBER OF DAYS CLOUDY          2

AVERAGE RH (PERCENT)     61

WEATHER CONDITIONS. NUMBER OF DAYS WITH
THUNDERSTORM              0     MIXED PRECIP               0
HEAVY RAIN                0     RAIN                       0
LIGHT RAIN                1     FREEZING RAIN              0
LT FREEZING RAIN          0     HAIL                       0
HEAVY SNOW                0     SNOW                       0
LIGHT SNOW                4     SLEET                      0
FOG                       3     FOG W/VIS <= 1/4 MILE      1
HAZE                      2

-  INDICATES NEGATIVE NUMBERS.
R  INDICATES RECORD WAS SET OR TIED.
MM INDICATES DATA IS MISSING.
T  INDICATES TRACE AMOUNT.

$$


USA.gov is the U.S. government's official web portal to all federal, state and local government web resources and services.
  • National Weather Service
  • WSO Pago Pago Weather Service Office
  • Pago Pago, AS
  • (684) 699-9130
  • Page Author: PPG Webmaster
  • Incorrect Region Format!
  • Web Master's E-mail:
  • Page last modified: Mar 10th, 2020 21:02 UTC