000
CXUS56 KSGX 012034
CLMONT


CLIMATE REPORT
NATIONAL WEATHER SERVICE SAN DIEGO, CA
1234 PM PST SUN MAR 1 2020

...................................

...THE ONTARIO INTL AIRPORT CA CLIMATE SUMMARY FOR THE MONTH OF FEBRUARY 2020...

CLIMATE NORMAL PERIOD 1981 TO 2010
CLIMATE RECORD PERIOD 1998 TO 2020

WEATHER         OBSERVED          NORMAL  DEPART  LAST YEAR`S
                 VALUE   DATE(S)  VALUE   FROM    VALUE  DATE(S)
                                          NORMAL
................................................................
TEMPERATURE (F)
RECORD
 HIGH              90   02/16/2016
                        02/15/2016
                        09/27/2010
 LOW               29   02/20/2018
HIGHEST            84   02/28        70      14       71  02/26
                        02/27                             02/25
                        02/01
LOWEST             34   02/05        47     -13       33  02/11
AVG. MAXIMUM     71.4              65.8     5.6     60.9
AVG. MINIMUM     45.7              45.3     0.4     41.7
MEAN             58.6              55.5     3.1     51.3
DAYS MAX >= 90      0               0.1    -0.1        0
DAYS MAX <= 32      0               0.0     0.0        0
DAYS MIN <= 32      0               0.0     0.0        0

PRECIPITATION (INCHES)
RECORD
 MAXIMUM        13.52   1980
 MINIMUM         0.00   1972
TOTALS           0.09              3.39   -3.30     4.52
DAILY AVG.       0.00                MM      MM     0.16
DAYS >= .01         2                MM      MM       13
DAYS >= .10         0                MM      MM        8
DAYS >= .50         0                MM      MM        2
DAYS >= 1.00        0                MM      MM        2
GREATEST
 24 HR. TOTAL    0.08   02/22 TO 02/22           02/14 TO 02/14
                                                          02/25 TO 02/25EATHER         OBSERVED          NORMAL  DEPART  LAST YEAR`S
                                                          02/25 TO 02/25EATHER         OBSERVED          NORMAL  DEPART  LAST YEAR`S
 STORM TOTAL       MM                                 MM
 (MM/DD(HH))            MM                    02/14(00) TO 02/14(00)
                                                 02/25(00) TO 02/25(00)5EATHER         OBSERVED          NORMAL  DEPART  LAST YEAR`S
                                                 02/25(00) TO 02/25(00)5EATHER         OBSERVED          NORMAL  DEPART  LAST YEAR`S

DEGREE_DAYS
HEATING TOTAL     187               268     -81      374
 SINCE 7/1        885              1165    -280     1035
COOLING TOTAL       9                 3       6        0
 SINCE 1/1          9                 6       3        0

FREEZE DATES
RECORD
 EARLIEST     11/30/2004
 LATEST       02/14/2006
EARLIEST                        MM
LATEST                          MM
.................................................................

WIND (MPH)
AVERAGE WIND SPEED              6.5
RESULTANT WIND SPEED/DIRECTION   1/008
HIGHEST WIND SPEED/DIRECTION    48/040    DATE  02/11
HIGHEST GUST SPEED/DIRECTION    65/040    DATE  02/11

SKY COVER
POSSIBLE SUNSHINE (PERCENT)   MM
AVERAGE SKY COVER           0.40
NUMBER OF DAYS FAIR           17
NUMBER OF DAYS PC              9
NUMBER OF DAYS CLOUDY          3

AVERAGE RH (PERCENT)     45

WEATHER CONDITIONS. NUMBER OF DAYS WITH
  0
  0
  0
  0
  0
  0
  0
HAZE                      9

-  INDICATES NEGATIVE NUMBERS.
R  INDICATES RECORD WAS SET OR TIED.
MM INDICATES DATA IS MISSING.
T  INDICATES TRACE AMOUNT.

$$


USA.gov is the U.S. government's official web portal to all federal, state and local government web resources and services.
  • National Weather Service
  • WSO Pago Pago Weather Service Office
  • Pago Pago, AS
  • (684) 699-9130
  • Page Author: PPG Webmaster
  • Incorrect Region Format!
  • Web Master's E-mail:
  • Page last modified: Mar 10th, 2020 21:02 UTC