000
CXUS51 KAKQ 041001
CLMORF


CLIMATE REPORT
NATIONAL WEATHER SERVICE WAKEFIELD, VA
538 AM EDT SAT APR 4 2020

...................................

...THE NORFOLK VA CLIMATE SUMMARY FOR THE MONTH OF MARCH 2020...

CLIMATE NORMAL PERIOD 1981 TO 2010
CLIMATE RECORD PERIOD 1871 TO 2020

WEATHER         OBSERVED          NORMAL  DEPART  LAST YEAR`S
                 VALUE   DATE(S)  VALUE   FROM    VALUE  DATE(S)
                                          NORMAL
................................................................
TEMPERATURE (F)
RECORD
 HIGH              92   03/29/1907
 LOW               14   03/14/1888
HIGHEST            88   03/20        80       8       79  03/30
                                                          03/15
LOWEST             31   03/08        27       4       27  03/07
                                                          03/06
AVG. MAXIMUM     65.3              58.2     7.1     58.4
AVG. MINIMUM     48.7              40.5     8.2     41.2
MEAN             57.0              49.4     7.6     49.8
DAYS MAX >= 90      0               0.0     0.0        0
DAYS MAX <= 32      0               0.1    -0.1        0
DAYS MIN <= 32      2               4.1    -2.1        3
DAYS MIN <= 0       0               0.0     0.0        0

PRECIPITATION (INCHES)
RECORD
 MAXIMUM        10.36   1994
 MINIMUM         0.52   2006
TOTALS           5.19              3.68    1.51     2.43
DAILY AVG.       0.17              0.12    0.05     0.08
DAYS >= .01        11              10.6     0.4       15
DAYS >= .10         5               7.2    -2.2        6
DAYS >= .50         4               2.4     1.6        1
DAYS >= 1.00        2               0.8     1.2        0
GREATEST
 24 HR. TOTAL    1.55   03/23 TO 03/23

SNOWFALL (INCHES)
RECORDS
 TOTAL           14.0   5
                        0

TOTALS            0.0
SINCE 7/1         0.4               5.8    -5.4      0.1
SNOWDEPTH AVG.      0                MM      MM        0
DAYS >= 1.0         0               0.0     0.0        0
GREATEST
 SNOW DEPTH         0   MM                             0  MM
 24 HR TOTAL      0.0


DEGREE_DAYS
HEATING TOTAL     274
 SINCE 7/1       2224              3061    -837     2676
COOLING TOTAL      35                 6      29        7
 SINCE 1/1         39                 7      32        7
.................................................................

WIND (MPH)
AVERAGE WIND SPEED              10.5
HIGHEST WIND SPEED/DIRECTION    31/060    DATE  03/31
HIGHEST GUST SPEED/DIRECTION    43/220    DATE  03/10

SKY COVER
POSSIBLE SUNSHINE (PERCENT)   MM
AVERAGE SKY COVER           0.40

AVERAGE RH (PERCENT)     67

WEATHER CONDITIONS. NUMBER OF DAYS WITH
THUNDERSTORM              0     MIXED PRECIP               0
HEAVY RAIN                4     RAIN                       8
LIGHT RAIN                16    FREEZING RAIN              0
LT FREEZING RAIN          0     HAIL                       0
HEAVY SNOW                0     SNOW                       0
LIGHT SNOW                0     SLEET                      0
FOG                       12    FOG W/VIS <= 1/4 MILE      1
HAZE                      1

-  INDICATES NEGATIVE NUMBERS.
R  INDICATES RECORD WAS SET OR TIED.
MM INDICATES DATA IS MISSING.
T  INDICATES TRACE AMOUNT.

$$



USA.gov is the U.S. government's official web portal to all federal, state and local government web resources and services.
  • National Weather Service
  • WSO Pago Pago Weather Service Office
  • Pago Pago, AS
  • (684) 699-9130
  • Page Author: PPG Webmaster
  • Incorrect Region Format!
  • Web Master's E-mail:
  • Page last modified: Mar 10th, 2020 21:02 UTC