000
CXAK59 PAFG 011318
CLMOTZ


CLIMATE REPORT
NATIONAL WEATHER SERVICE FAIRBANKS, AK
512 AM AKDT WED APR 1 2020

...................................

...THE KOTZEBUE AK CLIMATE SUMMARY FOR THE MONTH OF MARCH 2020...

CLIMATE NORMAL PERIOD 1981 TO 2010
CLIMATE RECORD PERIOD 1920 TO 2020

WEATHER         OBSERVED          NORMAL  DEPART  LAST YEAR`S
                 VALUE   DATE(S)  VALUE   FROM    VALUE  DATE(S)
                                          NORMAL
................................................................
TEMPERATURE (F)
RECORD
 HIGH              42   03/31/2019
 LOW              -58   03/16/1930
HIGHEST            33   03/19        MM      MM       42  03/31
LOWEST            -26   03/04        MM      MM      -12  03/19
AVG. MAXIMUM     12.2               8.8     3.4     28.8
AVG. MINIMUM     -1.8              -6.7     4.9     17.2
MEAN              5.2               1.1     4.1     23.0
DAYS MAX >= 90      0               0.0     0.0        0
DAYS MAX <= 32     30              30.4    -0.4       20
DAYS MIN <= 32     31              31.0     0.0       30
DAYS MIN <= 0      19              21.2    -2.2        5

PRECIPITATION (INCHES)
RECORD
 MAXIMUM         2.19   2009
 MINIMUM            T   1986
                        1960
                        1953
TOTALS           1.14              0.44    0.70     1.18
DAILY AVG.       0.04              0.01    0.03     0.04
DAYS >= .01        14               6.6     7.4       16
DAYS >= .10         4               1.4     2.6        4
DAYS >= .50         0               0.1    -0.1        0
DAYS >= 1.00        0               0.0     0.0        0
GREATEST
 24 HR. TOTAL    0.25   03/12 TO 03/12           03/04 TO 03/04

DEGREE_DAYS
HEATING TOTAL    1849              1982    -133     1296
 SINCE 7/1      11405             12227    -822     9832
COOLING TOTAL       0                 0       0        0
 SINCE 1/1          0                 0       0        0
.................................................................

WIND (MPH)
AVERAGE WIND SPEED              15.1
HIGHEST WIND SPEED/DIRECTION    41/160    DATE  03/19
HIGHEST GUST SPEED/DIRECTION    49/170    DATE  03/12

SKY COVER
AVERAGE SKY COVER           0.50

-  INDICATES NEGATIVE NUMBERS.
R  INDICATES RECORD WAS SET OR TIED.
MM INDICATES DATA IS MISSING.
T  INDICATES TRACE AMOUNT.

$$




USA.gov is the U.S. government's official web portal to all federal, state and local government web resources and services.
  • National Weather Service
  • WSO Pago Pago Weather Service Office
  • Pago Pago, AS
  • (684) 699-9130
  • Page Author: PPG Webmaster
  • Incorrect Region Format!
  • Web Master's E-mail:
  • Page last modified: Mar 10th, 2020 21:02 UTC