000
CXUS53 KPAH 011252
CLMPAH

CLIMATE REPORT
NATIONAL WEATHER SERVICE PADUCAH
752 AM CDT WED APR 01 2020

...................................

...THE PADUCAH KY CLIMATE SUMMARY FOR THE MONTH OF MARCH 2020...

CLIMATE NORMAL PERIOD 1981 TO 2010
CLIMATE RECORD PERIOD 1937 TO 2020

WEATHER         OBSERVED          NORMAL  DEPART   LAST YEAR`S
                VALUE   DATE(S)   VALUE   FROM     VALUE DATE(S)
                                          NORMAL
................................................................
TEMPERATURE (F)
RECORD
 HIGH             85   03/13/1967
 LOW              -6   03/06/2015
HIGHEST           83   03/26         58      25       76  03/13
LOWEST            26   03/07         38     -12       12  03/04
AVG. MAXIMUM    63.1               59.0     4.1     55.7
AVG. MINIMUM    43.8               37.7     6.1     34.4
MEAN            53.4               48.3     5.1     45.1
DAYS MAX >= 90     0                0.0     0.0        0
DAYS MAX <= 32     0                0.3    -0.3        1
DAYS MIN <= 32     2               10.0    -8.0       12
DAYS MIN <= 0      0                0.0     0.0        0

PRECIPITATION (INCHES)
RECORD
 MAXIMUM       14.91   1964
 MINIMUM        0.70   1941
TOTALS          6.75               3.93    2.82     6.64
DAILY AVG.      0.22               0.13    0.09     0.21
DAYS >= .01       15               10.4     4.6        9
DAYS >= .10       14                6.9     7.1        7
DAYS >= .50        5                2.5     2.5        4
DAYS >= 1.00       1                0.9     0.1        3
GREATEST
 24 HR. TOTAL   1.17   03/14 TO 03/14
 STORM TOTAL    1.17
 (MM/DD(HH))

SNOWFALL (INCHES)
RECORDS
 TOTAL          24.0   1960
TOTALS           0.0                0.6    -0.6      0.3
SINCE 7/1        1.2                9.1    -7.9       MM
SNOWDEPTH AVG.     0                                   0
DAYS >= TRACE      0
DAYS >= 1.0        0                0.2    -0.2        0
GREATEST
 SNOW DEPTH        0                                   0  MM
 24 HR TOTAL      MM
 STORM TOTAL     0.0
 (MM/DD(HH))

DEGREE DAYS
HEATING TOTAL    362                523    -161      612
 SINCE 7/1      3389               3819    -430     3724
COOLING TOTAL     13                  7       6        0
 SINCE 1/1        13                  7       6        0

FREEZE DATES
RECORD
 EARLIEST     10/01/1984
 LATEST       04/28/1992
EARLIEST                        10/31
LATEST                          04/15
................................................................

WIND (MPH)
AVERAGE WIND SPEED              7.8
HIGHEST WIND SPEED/DIRECTION    37/240    DATE  03/28
HIGHEST GUST SPEED/DIRECTION    53/250    DATE  03/28

SKY COVER
POSSIBLE SUNSHINE (PERCENT)   MM
AVERAGE SKY COVER           0.50
NUMBER OF DAYS FAIR            9
NUMBER OF DAYS PC             12
NUMBER OF DAYS CLOUDY          9

AVERAGE RH (PERCENT)     69

WEATHER CONDITIONS. NUMBER OF DAYS WITH
THUNDERSTORM              8     MIXED PRECIP               0
HEAVY RAIN                5     RAIN                      12
LIGHT RAIN               17     FREEZING RAIN              0
LT FREEZING RAIN          0     HAIL                       0
HEAVY SNOW                0     SNOW                       0
LIGHT SNOW                0     SLEET                      0
FOG                      20     FOG W/VIS <= 1/4 MILE      2
HAZE                      5

-  INDICATES NEGATIVE NUMBERS.
R  INDICATES RECORD WAS SET OR TIED.
MM INDICATES DATA IS MISSING.
T  INDICATES TRACE AMOUNT.

$$



USA.gov is the U.S. government's official web portal to all federal, state and local government web resources and services.
  • National Weather Service
  • WSO Pago Pago Weather Service Office
  • Pago Pago, AS
  • (684) 699-9130
  • Page Author: PPG Webmaster
  • Incorrect Region Format!
  • Web Master's E-mail:
  • Page last modified: Mar 10th, 2020 21:02 UTC