000
CXUS52 KMFL 011431
CLMPBI


CLIMATE REPORT
NATIONAL WEATHER SERVICE MIAMI, FL
905 AM EST SUN MAR 1 2020

...................................

...THE WEST PALM BEACH CLIMATE SUMMARY FOR THE MONTH OF FEBRUARY 2020...

CLIMATE NORMAL PERIOD 1981 TO 2010
CLIMATE RECORD PERIOD 1888 TO 2020

WEATHER         OBSERVED          NORMAL  DEPART  LAST YEAR`S
                 VALUE   DATE(S)  VALUE   FROM    VALUE
                                          NORMAL
.............................................................
TEMPERATURE (F)
RECORD
 HIGH              91   02/04/2016
 LOW               27   02/09/1895
HIGHEST            88   02/26                         88
                        02/14
LOWEST             47   02/03                         56
AVG. MAXIMUM     80.1              76.5     3.6     80.7
AVG. MINIMUM     64.8              59.1     5.7     66.8
MEAN             72.5              67.8     4.7     73.8
DAYS MAX >= 90      0                                  0
DAYS MAX <= 32      0                                  0
DAYS MIN <= 32      0                                  0
DAYS MIN <= 0       0                                  0

PRECIPITATION (INCHES)
RECORD
 MAXIMUM         8.71   1983
 MINIMUM         0.00   1911
TOTALS           2.58              2.82   -0.24     4.64
DAILY AVG.       0.09                MM      MM     0.17
DAYS >= .01         8                                  7
DAYS >= .10         5                                  5
DAYS >= .50         3                                  3
DAYS >= 1.00        0                                  2
GREATEST
 24 HR. TOTAL    0.84   02/22 TO 02/22              1.90

DEGREE_DAYS
HEATING TOTAL      24                48     -24        0
 SINCE 7/1         73               206    -133      133
COOLING TOTAL     249               127     122      253
 SINCE 1/1        445               240     205      344
..............................................................

WIND (MPH)
AVERAGE WIND SPEED              10.9
HIGHEST WIND SPEED/DIRECTION    28/340    DATE  02/21
HIGHEST GUST SPEED/DIRECTION    36/350    DATE  02/21

SKY COVER
POSSIBLE SUNSHINE (PERCENT)   MM
AVERAGE SKY COVER           0.50
NUMBER OF DAYS FAIR            4
NUMBER OF DAYS PC             19
NUMBER OF DAYS CLOUDY          6

AVERAGE RH (PERCENT)     67

WEATHER CONDITIONS. NUMBER OF DAYS WITH
THUNDERSTORM              1     MIXED PRECIP                0
HEAVY RAIN                5     RAIN                        6
LIGHT RAIN               11     FREEZING RAIN               0
LT FREEZING RAIN          0     HAIL                        0
HEAVY SNOW                0     SNOW                        0
LIGHT SNOW                0     SLEET                       0
FOG                       8     FOG W/VIS <= 1/4 MILE       0
HAZE                      3

-  INDICATES NEGATIVE NUMBERS.
R  INDICATES RECORD WAS SET OR TIED.
MM INDICATES DATA IS MISSING.
T  INDICATES TRACE AMOUNT.

$$



USA.gov is the U.S. government's official web portal to all federal, state and local government web resources and services.
  • National Weather Service
  • WSO Pago Pago Weather Service Office
  • Pago Pago, AS
  • (684) 699-9130
  • Page Author: PPG Webmaster
  • Incorrect Region Format!
  • Web Master's E-mail:
  • Page last modified: Mar 10th, 2020 21:02 UTC