000
CXUS56 KPQR 011439
CLMPDX

CLIMATE REPORT
NATIONAL WEATHER SERVICE PORTLAND OREGON
736 AM PDT WED APR 1 2020

...................................

...THE PORTLAND OR CLIMATE SUMMARY FOR THE MONTH OF MARCH 2020...

CLIMATE NORMAL PERIOD 1981 TO 2010
CLIMATE RECORD PERIOD 1940 TO 2020

WEATHER         OBSERVED          NORMAL  DEPART  LAST YEAR`S
                 VALUE   DATE(S)  VALUE   FROM    VALUE  DATE(S)
                                          NORMAL
................................................................
TEMPERATURE (F)
HIGHEST            67                                 72  03/20
LOWEST             30                                 24  03/05
AVG. MAXIMUM     54.6              56.7    -2.1     56.6
AVG. MINIMUM     38.2              39.6    -1.4     36.7
MEAN             46.4              48.2    -1.8     46.7
DAYS MAX >= 90      0               0.0     0.0        0
DAYS MAX <= 32      0               0.0     0.0        0
DAYS MIN <= 32      5               2.1     2.9       10
DAYS MIN <= 0       0               0.0     0.0        0

PRECIPITATION (INCHES)
RECORD
 MAXIMUM         7.89   2012
 MINIMUM         1.10   1965
TOTALS           2.43              3.68   -1.25     1.54
DAYS >= .01        13              17.6    -4.6       11
DAYS >= .10         7              10.7    -3.7        5
DAYS >= .50         1               1.7    -0.7        0
DAYS >= 1.00        0               0.2    -0.2        0
GREATEST
 24 HR. TOTAL    0.74   03/14 TO 03/14

SNOWFALL (INCHES)
TOTALS            0.5
SINCE 7/1         0.5

DEGREE_DAYS
HEATING TOTAL     568               522      46      562
 SINCE 7/1       3467              3580    -113     3457
COOLING TOTAL       0                 0       0        0
 SINCE 1/1          0                 0       0        0
.................................................................

WIND (MPH)
AVERAGE WIND SPEED              6.7
RESULTANT WIND SPEED/DIRECTION   1/168
HIGHEST WIND SPEED/DIRECTION    33/080    DATE  03/15
HIGHEST GUST SPEED/DIRECTION    42/080    DATE  03/15

SKY COVER
POSSIBLE SUNSHINE (PERCENT)   MM
AVERAGE SKY COVER           0.60
NUMBER OF DAYS FAIR            6
NUMBER OF DAYS PC             10
NUMBER OF DAYS CLOUDY         15

AVERAGE RH (PERCENT)     68

WEATHER CONDITIONS. NUMBER OF DAYS WITH
THUNDERSTORMS             1     MIXED PRECIP                0
HEAVY RAIN                0     RAIN                        4
LIGHT RAIN               17     FREEZING RAIN               0
LT FREEZING RAIN          0     HAIL                        1
HEAVY SNOW                0     SNOW                        1
LIGHT SNOW                2     SLEET                       0
FOG                      15     FOG W/VIS <= 1/4 MILE       2
HAZE                      5

-  INDICATES NEGATIVE NUMBERS.
R  INDICATES RECORD WAS SET OR TIED.
MM INDICATES DATA IS MISSING.
T  INDICATES TRACE AMOUNT.

$$


USA.gov is the U.S. government's official web portal to all federal, state and local government web resources and services.
  • National Weather Service
  • WSO Pago Pago Weather Service Office
  • Pago Pago, AS
  • (684) 699-9130
  • Page Author: PPG Webmaster
  • Incorrect Region Format!
  • Web Master's E-mail:
  • Page last modified: Mar 10th, 2020 21:02 UTC