000
CXUS51 KPBZ 011325
CLMPHD

CLIMATE REPORT
NATIONAL WEATHER SERVICE PITTSBURGH PA
925 AM EDT THU OCT 01 2020

...................................

...THE NEW PHILADELPHIA OH CLIMATE SUMMARY FOR THE MONTH OF SEPTEMBER 2020...

CLIMATE NORMAL PERIOD 1981 TO 2010
CLIMATE RECORD PERIOD 1948 TO 2020

WEATHER         OBSERVED          NORMAL  DEPART   LAST YEAR`S
                VALUE   DATE(S)   VALUE   FROM     VALUE DATE(S)
                                          NORMAL
................................................................
TEMPERATURE (F)
RECORD
 HIGH             96   09/01/1993
 LOW              30   09/23/1995
                       09/24/1974
HIGHEST           88   09/09         88       0       92  09/11
                                                          09/13
LOWEST            36   09/19         37      -1       44  09/27
AVG. MAXIMUM    76.9               75.8     1.1     83.1
AVG. MINIMUM    52.5               52.2     0.3     56.1
MEAN            64.7               64.0     0.7     69.6
DAYS MAX >= 90     0                1.0    -1.0        4
DAYS MAX <= 32     0                0.0     0.0        0
DAYS MIN <= 32     0                0.1    -0.1        0
DAYS MIN <= 0      0                0.0     0.0        0

PRECIPITATION (INCHES)
RECORD
 MAXIMUM        6.63   2003
 MINIMUM        0.43   1985
TOTALS          2.52               3.26   -0.74     1.96
DAILY AVG.      0.08               0.11   -0.03     0.07
DAYS >= .01        7               14.0    -7.0        6
DAYS >= .10        5                6.0    -1.0        3
DAYS >= .50        3                2.0     1.0        1
DAYS >= 1.00       0                0.6    -0.6        1
GREATEST
 24 HR. TOTAL   1.11   09/28 TO 09/29               1.57


DEGREE DAYS
HEATING TOTAL     90                 96      -6
 SINCE 7/1        90                108     -18       MM
COOLING TOTAL     90                 66      24
 SINCE 1/1       974                688     286       MM
................................................................

WIND (MPH)
AVERAGE WIND SPEED              3.6
HIGHEST WIND SPEED/DIRECTION    21/360    DATE  09/07
HIGHEST GUST SPEED/DIRECTION    32/360    DATE  09/07
                                32/200          09/30

AVERAGE RH (PERCENT)     76

WEATHER CONDITIONS. NUMBER OF DAYS WITH
THUNDERSTORM              1     MIXED PRECIP               0
HEAVY RAIN                4     RAIN                       5
LIGHT RAIN                8     FREEZING RAIN              0
LT FREEZING RAIN          0     HAIL                       0
HEAVY SNOW                0     SNOW                       0
LIGHT SNOW                0     SLEET                      0
FOG                      24     FOG W/VIS <= 1/4 MILE     11
HAZE                      0

-  INDICATES NEGATIVE NUMBERS.
R  INDICATES RECORD WAS SET OR TIED.
MM INDICATES DATA IS MISSING.
T  INDICATES TRACE AMOUNT.

$$


USA.gov is the U.S. government's official web portal to all federal, state and local government web resources and services.
  • National Weather Service
  • WSO Pago Pago Weather Service Office
  • Pago Pago, AS
  • (684) 699-9130
  • Page Author: PPG Webmaster
  • Incorrect Region Format!
  • Web Master's E-mail:
  • Page last modified: Mar 10th, 2020 21:02 UTC