000
CXUS51 KPBZ 011502
CLMPHD

CLIMATE REPORT
NATIONAL WEATHER SERVICE PITTSBURGH PA
1102 AM EDT WED APR 01 2020

...................................

...THE NEW PHILADELPHIA OH CLIMATE SUMMARY FOR THE MONTH OF MARCH 2020...

CLIMATE NORMAL PERIOD 1981 TO 2010
CLIMATE RECORD PERIOD 1948 TO 2020

WEATHER         OBSERVED          NORMAL  DEPART   LAST YEAR`S
                VALUE   DATE(S)   VALUE   FROM     VALUE DATE(S)
                                          NORMAL
................................................................
TEMPERATURE (F)
RECORD
 HIGH             85   03/22/2012
 LOW              -5   03/08/1986
                       03/09/1984
HIGHEST           75   03/28         74       1       77  03/14
LOWEST            17   03/01         10       7        6  03/05
AVG. MAXIMUM    55.2               50.9     4.3     46.7
AVG. MINIMUM    36.4               28.9     7.5     27.1
MEAN            45.8               39.9     5.9     36.9
DAYS MAX >= 90     0                0.0     0.0        0
DAYS MAX <= 32     0                2.0    -2.0        4
DAYS MIN <= 32    13               20.9    -7.9       24
DAYS MIN <= 0      0                0.0     0.0        0

PRECIPITATION (INCHES)
RECORD
 MAXIMUM        8.10   1964
 MINIMUM        0.99
TOTALS          6.12               3.04    3.08     3.16
DAILY AVG.      0.20               0.11    0.09     0.10
DAYS >= .01       21               14.0     7.0       12
DAYS >= .10       11                8.0     3.0        5
DAYS >= .50        4                2.0     2.0        3
DAYS >= 1.00       2                0.0     2.0        1
GREATEST
 24 HR. TOTAL   1.72   03/19 TO 03/20               1.20


DEGREE DAYS
HEATING TOTAL    588                779    -191
 SINCE 7/1      4396               4985    -589     4927
COOLING TOTAL      1                  1       0
 SINCE 1/1         1                  1       0        0
................................................................

WIND (MPH)
AVERAGE WIND SPEED              6.0
HIGHEST WIND SPEED/DIRECTION    30/240    DATE  03/29
HIGHEST GUST SPEED/DIRECTION    45/230    DATE  03/29

AVERAGE RH (PERCENT)     68

WEATHER CONDITIONS. NUMBER OF DAYS WITH
THUNDERSTORM              4     MIXED PRECIP               0
HEAVY RAIN                6     RAIN                       9
LIGHT RAIN               22     FREEZING RAIN              0
LT FREEZING RAIN          0     HAIL                       0
HEAVY SNOW                0     SNOW                       0
LIGHT SNOW                4     SLEET                      0
FOG                      21     FOG W/VIS <= 1/4 MILE      0
HAZE                      0

-  INDICATES NEGATIVE NUMBERS.
R  INDICATES RECORD WAS SET OR TIED.
MM INDICATES DATA IS MISSING.
T  INDICATES TRACE AMOUNT.

$$



USA.gov is the U.S. government's official web portal to all federal, state and local government web resources and services.
  • National Weather Service
  • WSO Pago Pago Weather Service Office
  • Pago Pago, AS
  • (684) 699-9130
  • Page Author: PPG Webmaster
  • Incorrect Region Format!
  • Web Master's E-mail:
  • Page last modified: Mar 10th, 2020 21:02 UTC