000
CXUS55 KPSR 010913
CLMPHX

CLIMATE REPORT
NATIONAL WEATHER SERVICE PHOENIX AZ
212 AM MST WED APR 01 2020

...................................

...THE PHOENIX AZ CLIMATE SUMMARY FOR THE MONTH OF MARCH 2020...

CLIMATE NORMAL PERIOD 1981 TO 2010
CLIMATE RECORD PERIOD 1895 TO 2020

WEATHER         OBSERVED          NORMAL  DEPART   LAST YEAR`S
                VALUE   DATE(S)   VALUE   FROM     VALUE
                                          NORMAL
..............................................................
TEMPERATURE (F)
RECORD
 HIGH            100   03/26/1988
 LOW              25   03/04/1966
HIGHEST           86   03/06         90      -4
LOWEST            47   03/28         43       4
AVG. MAXIMUM    74.5               76.9    -2.4
AVG. MINIMUM    54.3               53.5     0.8
MEAN            64.4               65.2    -0.8
DAYS MAX >= 90     0                1.5    -1.5
DAYS MAX <= 32     0                0.0     0.0
DAYS MAX >= 100    0
DAYS MAX >= 110    0
DAYS MIN <= 32     0                0.0     0.0
DAYS MIN <= 0      0                0.0     0.0
DAYS MIN >= 90     0

PRECIPITATION (INCHES)
RECORD
 MAXIMUM        4.82   1941
 MINIMUM        0.00   2016
TOTALS          1.94               0.99    0.95
DAYS >= .01        6                3.9     2.1
DAYS >= .10        5                2.2     2.8
DAYS >= .50        1                0.6     0.4
DAYS >= 1.00       0                0.2    -0.2
GREATEST
 24 HR. TOTAL   0.91   03/10 TO 03/11


DEGREE DAYS
HEATING TOTAL     50                 81     -31
 SINCE 7/1       830                914     -84
COOLING TOTAL     37                 87     -50
 SINCE 1/1        45                104     -59
..............................................................

WIND (MPH)
AVERAGE WIND SPEED              6.5
HIGHEST GUST SPEED/DIRECTION    34/220    DATE  03/12

AVERAGE RH (PERCENT)     48

WEATHER CONDITIONS. NUMBER OF DAYS WITH
THUNDERSTORM              3     HEAVY RAIN                 2
RAIN                      3     LIGHT RAIN                 6
FOG W/VIS <= 1/4 MILE     0

-  INDICATES NEGATIVE NUMBERS.
R  INDICATES RECORD WAS SET OR TIED.
MM INDICATES DATA IS MISSING.
T  INDICATES TRACE AMOUNT.

$$



USA.gov is the U.S. government's official web portal to all federal, state and local government web resources and services.
  • National Weather Service
  • WSO Pago Pago Weather Service Office
  • Pago Pago, AS
  • (684) 699-9130
  • Page Author: PPG Webmaster
  • Incorrect Region Format!
  • Web Master's E-mail:
  • Page last modified: Mar 10th, 2020 21:02 UTC