000
CXUS53 KILX 012136 RRB
CLMPIA

CLIMATE REPORT
NATIONAL WEATHER SERVICE LINCOLN IL
244 PM CST SUN MAR 1 2020

...................................

...THE PEORIA IL CLIMATE SUMMARY FOR THE MONTH OF FEBRUARY 2020...

CLIMATE NORMAL PERIOD 1981 TO 2010
CLIMATE RECORD PERIOD 1883 TO 2020

WEATHER         OBSERVED          NORMAL  DEPART  LAST YEAR`S
                 VALUE   DATE(S)  VALUE   FROM    VALUE
                                          NORMAL
.............................................................
TEMPERATURE (F)
RECORD
 HIGH              74   02/20/2017
                        02/10/1932
                        62/07/2583
 LOW              -26   02/13/1905
HIGHEST            61   02/02        36      25       53
LOWEST             -9   02/14        20     -29        5
AVG. MAXIMUM     37.7              37.7     0.0     35.1
AVG. MINIMUM     21.9              21.2     0.7     18.8
MEAN             29.8              29.5     0.3     26.9
DAYS MAX >= 90      0               0.0     0.0        0
DAYS MAX <= 32      7               8.6    -1.6       11
DAYS MIN <= 32     27              23.4     3.6       26
DAYS MIN <= 0       2               1.6     0.4        0

PRECIPITATION (INCHES)
RECORD
 MAXIMUM         5.64   1900
 MINIMUM         0.14   1907
TOTALS           1.71              1.79   -0.08     3.00
DAILY AVG.       0.06                MM      MM     0.11
DAYS >= .01        12               8.4     3.6       12
DAYS >= .10         7               4.0     3.0        7
DAYS >= .50         0               1.0    -1.0        2
DAYS >= 1.00        0               0.3    -0.3        1
GREATEST
 24 HR. TOTAL    0.39   02/24 TO 02/24              1.27

SNOWFALL (INCHES)
RECORDS
 TOTAL           26.5   1900
TOTALS           11.0               6.2     4.8      2.5
SINCE 7/1        31.1              21.3     9.8     30.6
DAYS >= 1.0         4               1.9     2.1        1
GREATEST
 SNOW DEPTH         4   02/14                          8
                        02/13
 24 HR TOTAL      3.5   02/12 TO 02/12               1.1

DEGREE_DAYS
HEATING TOTAL    1014               995      19     1061
 SINCE 7/1       4291              4547    -256     4659
COOLING TOTAL       0                 0       0        0
 SINCE 1/1          0                 0       0        0
..............................................................

WIND (MPH)
AVERAGE WIND SPEED              7.6
HIGHEST WIND SPEED/DIRECTION    23/170    DATE  02/09
HIGHEST GUST SPEED/DIRECTION    35/180    DATE  02/09

AVERAGE RH (PERCENT)     72

WEATHER CONDITIONS. NUMBER OF DAYS WITH
THUNDERSTORM              0     MIXED PRECIP               0
HEAVY RAIN                0     RAIN                       3
LIGHT RAIN                5     FREEZING RAIN              0
LT FREEZING RAIN          0     HAIL                       0
HEAVY SNOW                1     SNOW                       4
LIGHT SNOW               10     SLEET                      0
FOG                      16     FOG W/VIS <= 1/4 MILE      4
HAZE                      5

-  INDICATES NEGATIVE NUMBERS.
R  INDICATES RECORD WAS SET OR TIED.
MM INDICATES DATA IS MISSING.
T  INDICATES TRACE AMOUNT.

&&

RECORDS SET THIS MONTH:

* FEB 2 HIGH 61

$$


USA.gov is the U.S. government's official web portal to all federal, state and local government web resources and services.
  • National Weather Service
  • WSO Pago Pago Weather Service Office
  • Pago Pago, AS
  • (684) 699-9130
  • Page Author: PPG Webmaster
  • Incorrect Region Format!
  • Web Master's E-mail:
  • Page last modified: Mar 10th, 2020 21:02 UTC