000
CXUS55 KPIH 011417
CLMPIH

BOICLMWRK 000
TTAA00 KPIH 011413


CLIMATE REPORT
NATIONAL WEATHER SERVICE POCATELLO ID
812 AM MDT WED APR 1 2020

...................................

...THE POCATELLO CLIMATE SUMMARY FOR THE MONTH OF MARCH 2020...

CLIMATE NORMAL PERIOD 1981 TO 2010
CLIMATE RECORD PERIOD 1939 TO 2020

WEATHER         OBSERVED          NORMAL  DEPART  LAST YEAR`S
                 VALUE   DATE(S)  VALUE   FROM    VALUE  DATE(S)
                                          NORMAL
................................................................
TEMPERATURE (F)
RECORD
 HIGH              75   03/15/1994
                        03/28/1986
 LOW              -12   03/04/1985
HIGHEST            65   03/06        75     -10       63  03/27
LOWEST             11   03/02       -12      23       14  03/04
AVG. MAXIMUM     51.6              48.8     2.8     47.1
AVG. MINIMUM     28.3              27.1     1.2     25.2
MEAN             39.9              38.0     1.9     36.1
DAYS MAX >= 90      0               0.0     0.0        0
DAYS MAX <= 32      0               1.1    -1.1        0
DAYS MIN <= 32     23              23.0     0.0       26
DAYS MIN <= 0       0               0.3    -0.3        0

PRECIPITATION (INCHES)
RECORD
 MAXIMUM         3.00   2016
 MINIMUM         0.10   1965
TOTALS           1.66              1.26    0.40     1.24
DAILY AVG.       0.05              0.04    0.01     0.04
DAYS >= .01        11               9.7     1.3       10
DAYS >= .10         6               3.9     2.1        6
DAYS >= .50         1               0.4     0.6        0
DAYS >= 1.00        0               0.0     0.0        0
GREATEST
 24 HR. TOTAL    0.59   03/14 TO 03/14              0.28

SNOWFALL (INCHES)
RECORDS
 TOTAL           16.6   1985
TOTALS            3.9               5.4    -1.5      3.3
SINCE 7/1        37.1              39.4    -2.3     39.9
SNOWDEPTH AVG.      0                MM      MM        0
DAYS >= 1.0         1               1.9    -0.9        1
GREATEST
 SNOW DEPTH         3   03/01                         -1  03/13
 24 HR TOTAL      3.2   03/01 TO 03/01               1.6

DEGREE_DAYS
HEATING TOTAL     770               839     -69      889
 SINCE 7/1       6001              6112    -111     6153
COOLING TOTAL       0                 0       0        0
 SINCE 1/1          0                 0       0        0
.................................................................

WIND (MPH)
AVERAGE WIND SPEED              10.9
HIGHEST WIND SPEED/DIRECTION    40/170    DATE  03/14
HIGHEST GUST SPEED/DIRECTION    54/180    DATE  03/14

SKY COVER
POSSIBLE SUNSHINE (PERCENT)   MM
AVERAGE SKY COVER           0.50
NUMBER OF DAYS FAIR           10
NUMBER OF DAYS PC             13
NUMBER OF DAYS CLOUDY          8

AVERAGE RH (PERCENT)     61

WEATHER CONDITIONS. NUMBER OF DAYS WITH
THUNDERSTORM               3   MIXED PRECIP            0
HEAVY RAIN                 3   RAIN                    4
LIGHT RAIN                10   FREEZING RAIN           0
LT FREEZING RAIN           0   HAIL                    0
HEAVY SNOW                 0   SNOW                    1
LIGHT SNOW                 4   SLEET                   0
FOG                       10   FOG W/VIS <= 1/4 MILE   1
HAZE                       3

-  INDICATES NEGATIVE NUMBERS.
R  INDICATES RECORD WAS SET OR TIED.
MM INDICATES DATA IS MISSING.
T  INDICATES TRACE AMOUNT.

&&
6TH: HIGH OF 65 BREAKS OLD RECORD OF 61 SET IN 1986.
7TH: HIGH OF 61 TIES OLD RECORD SET IN 2015.
14TH: RAINFALL OF 0.59 INCHES BREAKS OLD RECORD OF 0.54 SET IN 2016.

$$



USA.gov is the U.S. government's official web portal to all federal, state and local government web resources and services.
  • National Weather Service
  • WSO Pago Pago Weather Service Office
  • Pago Pago, AS
  • (684) 699-9130
  • Page Author: PPG Webmaster
  • Incorrect Region Format!
  • Web Master's E-mail:
  • Page last modified: Mar 10th, 2020 21:02 UTC