000
CXUS51 KPBZ 011502
CLMPIT

CLIMATE REPORT
NATIONAL WEATHER SERVICE PITTSBURGH PA
1102 AM EDT WED APR 01 2020

...................................

...THE PITTSBURGH PA CLIMATE SUMMARY FOR THE MONTH OF MARCH 2020...

CLIMATE NORMAL PERIOD 1981 TO 2010
CLIMATE RECORD PERIOD 1871 TO 2020

WEATHER         OBSERVED          NORMAL  DEPART   LAST YEAR`S
                VALUE   DATE(S)   VALUE   FROM     VALUE DATE(S)
                                          NORMAL
................................................................
TEMPERATURE (F)
RECORD
 HIGH             84   03/25/1929
 LOW              -5   03/06/2015
HIGHEST           77   03/29         73       4       77  03/14
LOWEST            19   03/01         12       7        6  03/05
AVG. MAXIMUM    54.6               49.2     5.4     46.1
AVG. MINIMUM    36.6               30.0     6.6     27.3
MEAN            45.6               39.6     6.0     36.7
DAYS MAX >= 90     0                0.0     0.0        0
DAYS MAX <= 32     0                3.0    -3.0        5
DAYS MIN <= 32    11               18.4    -7.4       24
DAYS MIN <= 0      0                0.0     0.0        0

PRECIPITATION (INCHES)
RECORD
 MAXIMUM        6.10   1967
 MINIMUM        0.37   1910
TOTALS          4.83               2.95    1.88     2.37
DAILY AVG.      0.16               0.10    0.06     0.08
DAYS >= .01       19               14.0     5.0       16
DAYS >= .10       11                7.6     3.4        8
DAYS >= .50        4                1.6     2.4        1
DAYS >= 1.00       0                0.3    -0.3        0
GREATEST
 24 HR. TOTAL   1.23   03/19 TO 03/20               0.72

SNOWFALL (INCHES)
RECORDS
 TOTAL          34.1   1993
 24 HR TOTAL    23.6
TOTALS           1.0                7.4    -6.4      5.2
SINCE 7/1       21.6               39.8   -18.2       MM
SNOWDEPTH AVG.     0                                   0
DAYS >= TRACE      5                6.0    -1.0       11
DAYS >= 1.0        0                2.0    -2.0        2
GREATEST
 24 HR TOTAL     0.7   03/14 TO 03/14                3.2

DEGREE DAYS
HEATING TOTAL    596                788    -192      871
 SINCE 7/1      4451               5041    -590     5087
COOLING TOTAL      2                  1       1        0
 SINCE 1/1         2                  1       1        0
................................................................

WIND (MPH)
AVERAGE WIND SPEED              8.2
HIGHEST WIND SPEED/DIRECTION    35/210    DATE  03/29
HIGHEST GUST SPEED/DIRECTION    50/210    DATE  03/29

SKY COVER
AVERAGE SKY COVER           0.80

AVERAGE RH (PERCENT)     67

WEATHER CONDITIONS. NUMBER OF DAYS WITH
THUNDERSTORM              3     MIXED PRECIP               0
HEAVY RAIN                3     RAIN                       4
LIGHT RAIN               23     FREEZING RAIN              0
LT FREEZING RAIN          0     HAIL                       0
HEAVY SNOW                0     SNOW                       0
LIGHT SNOW                4     SLEET                      1
FOG                      19     FOG W/VIS <= 1/4 MILE      0
HAZE                      0

-  INDICATES NEGATIVE NUMBERS.
R  INDICATES RECORD WAS SET OR TIED.
MM INDICATES DATA IS MISSING.
T  INDICATES TRACE AMOUNT.

$$



USA.gov is the U.S. government's official web portal to all federal, state and local government web resources and services.
  • National Weather Service
  • WSO Pago Pago Weather Service Office
  • Pago Pago, AS
  • (684) 699-9130
  • Page Author: PPG Webmaster
  • Incorrect Region Format!
  • Web Master's E-mail:
  • Page last modified: Mar 10th, 2020 21:02 UTC