000
CXUS51 KRLX 030354
CLMPKB


CLIMATE REPORT
NATIONAL WEATHER SERVICE CHARLESTON WV
1152 PM EDT THU APR 2 2020

...................................

...THE PARKERSBURG WV CLIMATE SUMMARY FOR THE MONTH OF MARCH 2020...

CLIMATE NORMAL PERIOD 1981 TO 2010
CLIMATE RECORD PERIOD 1926 TO 2020

WEATHER         OBSERVED          NORMAL  DEPART  LAST YEAR`S
                 VALUE   DATE(S)  VALUE   FROM    VALUE
                                          NORMAL
.............................................................
TEMPERATURE (F)
RECORD
 HIGH              89   03/25/1929
 LOW               -5   03/03/1980
HIGHEST            86   03/28                         79
LOWEST             17   03/01                         11
AVG. MAXIMUM     59.1              54.1     5.0     51.9
AVG. MINIMUM     39.8              32.8     7.0     29.9
MEAN             49.5              43.5     6.0     40.9
DAYS MAX >= 90      0               0.0     0.0        0
DAYS MAX <= 32      0               0.9    -0.9        3
DAYS MIN <= 32      7              15.4    -8.4       20
DAYS MIN <= 0       0               0.0     0.0        0

PRECIPITATION (INCHES)
RECORD
 MAXIMUM         9.39   1963
 MINIMUM         0.10   1910
TOTALS           3.88              3.73    0.15     2.23
DAILY AVG.       0.13              0.12    0.01     0.07
DAYS >= .01        20              13.1     6.9       13
DAYS >= .10        10               7.7     2.3        7
DAYS >= .50         2               2.4    -0.4
DAYS >= 1.00        0               0.7    -0.7        0
GREATEST
 24 HR. TOTAL    0.95   03/18 TO 03/18

DEGREE_DAYS
HEATING TOTAL     484               671    -187      738
 SINCE 7/1       3885              4461    -576     4296
COOLING TOTAL      10                 3       7        0
 SINCE 1/1         14                 3      11        0
..............................................................

WIND (MPH)
AVERAGE WIND SPEED              6.9
HIGHEST WIND SPEED/DIRECTION    30/230    DATE  03/29
HIGHEST GUST SPEED/DIRECTION    43/240    DATE  03/29

SKY COVER
POSSIBLE SUNSHINE (PERCENT)   MM
AVERAGE SKY COVER           0.60
NUMBER OF DAYS FAIR            7
NUMBER OF DAYS PC             11
NUMBER OF DAYS CLOUDY         13

AVERAGE RH (PERCENT)     64

-  INDICATES NEGATIVE NUMBERS.
R  INDICATES RECORD WAS SET OR TIED.
MM INDICATES DATA IS MISSING.
T  INDICATES TRACE AMOUNT.

$$



USA.gov is the U.S. government's official web portal to all federal, state and local government web resources and services.
  • National Weather Service
  • WSO Pago Pago Weather Service Office
  • Pago Pago, AS
  • (684) 699-9130
  • Page Author: PPG Webmaster
  • Incorrect Region Format!
  • Web Master's E-mail:
  • Page last modified: Mar 10th, 2020 21:02 UTC